{"id":220,"date":"2019-07-04T07:57:41","date_gmt":"2019-07-04T07:57:41","guid":{"rendered":"http:\/\/www.eiblda.pt\/new\/?post_type=cptprodutoseib&#038;p=220"},"modified":"2025-02-21T15:10:11","modified_gmt":"2025-02-21T15:10:11","slug":"quadros-de-distribuicao-industrial","status":"publish","type":"cptprodutoseib","link":"https:\/\/www.eiblda.pt\/fr\/eib\/produtos\/quadros\/quadros-de-distribuicao-industrial\/","title":{"rendered":"Quadros de Distribui\u00e7\u00e3o Industrial"},"content":{"rendered":"\n<figure class=\"wp-block-image\"><img loading=\"lazy\" decoding=\"async\" width=\"2490\" height=\"1000\" src=\"https:\/\/www.eiblda.pt\/wp-content\/uploads\/2019\/07\/Quadros-de-distribui\u00e7\u00e3o-industrial.jpg\" alt=\"\" class=\"wp-image-863\" srcset=\"https:\/\/www.eiblda.pt\/wp-content\/uploads\/2019\/07\/Quadros-de-distribui\u00e7\u00e3o-industrial.jpg 2490w, https:\/\/www.eiblda.pt\/wp-content\/uploads\/2019\/07\/Quadros-de-distribui\u00e7\u00e3o-industrial-750x301.jpg 750w\" sizes=\"auto, (max-width: 2490px) 100vw, 2490px\" \/><\/figure>\n\n\n<h2 class=\"wp-block-post-title\">Quadros de Distribui\u00e7\u00e3o Industrial<\/h2>\n\n\n<p>Os quadros de distribui\u00e7\u00e3o industrial t\u00eam a finalidade agrupar os circuitos terminais presentes numa instala\u00e7\u00e3o el\u00e9trica, bem como outros circuitos de quadros de distribui\u00e7\u00e3o associados. Geralmente desempenham fun\u00e7\u00f5es de prote\u00e7\u00e3o, seccionamento, controle e medi\u00e7\u00e3o.<br>Os quadros de distribui\u00e7\u00e3o industrial EIB podem ser fabricados para uma montagem saliente ou de embutir (com aro de remate), equipados ou n\u00e3o com material el\u00e9trico e com ou sem porta. Podem, ainda, ser assemblados com portas opacas ou transparentes, e o seu interior pode ser equipado com espelhos opacos ou com rasgos, comportando de 12 a 324 m\u00f3dulos;<br>Os quadros de distribui\u00e7\u00e3o industrial EIB com espa\u00e7o para Limitador \u00ab\u00a0EDP\u00a0\u00bb e Contador podem ser fabricados para uma montagem saliente ou de embutir (com aro de remate), equipados ou n\u00e3o com material el\u00e9trico e com ou sem porta. Podem, ainda, ser assemblados com portas opacas ou transparentes, e o seu interior pode ser equipado com espelhos opacos ou com rasgos, comportando de 20 a 105 m\u00f3dulos;<br><br><strong>Caracter\u00edsticas: <\/strong><br>:: Intensidade m\u00e1xima de 630A;<br>:: Constru\u00e7\u00e3o de acordo com EN 60529, EN 50102, EN 62208, com equival\u00eancia \u00e0 classe II de acordo com as RTIEBT;<br>:: Pintura epoxy poli\u00e9ster cinza claro RAL 7035 (cor standard);<br>:: Fabricados em chapa de a\u00e7o laminado a frio (material standard), a\u00e7o inox ou alum\u00ednio;<br>:: IP30, 43, 54 ou 65;<br>:: IK09 ou 10;<\/p>\n\n\n\n<p><\/p>\n","protected":false},"author":1,"featured_media":863,"parent":856,"menu_order":2,"comment_status":"open","ping_status":"closed","template":"pages\/wp-produtoseib.php","class_list":["post-220","cptprodutoseib","type-cptprodutoseib","status-publish","has-post-thumbnail","hentry"],"_links":{"self":[{"href":"https:\/\/www.eiblda.pt\/fr\/wp-json\/wp\/v2\/cptprodutoseib\/220","targetHints":{"allow":["GET"]}}],"collection":[{"href":"https:\/\/www.eiblda.pt\/fr\/wp-json\/wp\/v2\/cptprodutoseib"}],"about":[{"href":"https:\/\/www.eiblda.pt\/fr\/wp-json\/wp\/v2\/types\/cptprodutoseib"}],"author":[{"embeddable":true,"href":"https:\/\/www.eiblda.pt\/fr\/wp-json\/wp\/v2\/users\/1"}],"replies":[{"embeddable":true,"href":"https:\/\/www.eiblda.pt\/fr\/wp-json\/wp\/v2\/comments?post=220"}],"up":[{"embeddable":true,"href":"https:\/\/www.eiblda.pt\/fr\/wp-json\/wp\/v2\/cptprodutoseib\/856"}],"wp:featuredmedia":[{"embeddable":true,"href":"https:\/\/www.eiblda.pt\/fr\/wp-json\/wp\/v2\/media\/863"}],"wp:attachment":[{"href":"https:\/\/www.eiblda.pt\/fr\/wp-json\/wp\/v2\/media?parent=220"}],"curies":[{"name":"wp","href":"https:\/\/api.w.org\/{rel}","templated":true}]}}

Quadros de Distribuição Industrial

<figure class="wp-block-image"><img loading="lazy" decoding="async" width="2490" height="1000" src="https://www.eiblda.pt/wp-content/uploads/2019/07/Quadros-de-distribuição-industrial.jpg" alt="" class="wp-image-863" srcset="https://www.eiblda.pt/wp-content/uploads/2019/07/Quadros-de-distribuição-industrial.jpg 2490w, https://www.eiblda.pt/wp-content/uploads/2019/07/Quadros-de-distribuição-industrial-750x301.jpg 750w" sizes="auto, (max-width: 2490px) 100vw, 2490px" /></figure>


<h2 class="wp-block-post-title">Quadros de Distribuição Industrial</h2>


<p>Os quadros de distribuição industrial têm a finalidade agrupar os circuitos terminais presentes numa instalação elétrica, bem como outros circuitos de quadros de distribuição associados. Geralmente desempenham funções de proteção, seccionamento, controle e medição.<br>Os quadros de distribuição industrial EIB podem ser fabricados para uma montagem saliente ou de embutir (com aro de remate), equipados ou não com material elétrico e com ou sem porta. Podem, ainda, ser assemblados com portas opacas ou transparentes, e o seu interior pode ser equipado com espelhos opacos ou com rasgos, comportando de 12 a 324 módulos;<br>Os quadros de distribuição industrial EIB com espaço para Limitador « EDP » e Contador podem ser fabricados para uma montagem saliente ou de embutir (com aro de remate), equipados ou não com material elétrico e com ou sem porta. Podem, ainda, ser assemblados com portas opacas ou transparentes, e o seu interior pode ser equipado com espelhos opacos ou com rasgos, comportando de 20 a 105 módulos;<br><br><strong>Características: </strong><br>:: Intensidade máxima de 630A;<br>:: Construção de acordo com EN 60529, EN 50102, EN 62208, com equivalência à classe II de acordo com as RTIEBT;<br>:: Pintura epoxy poliéster cinza claro RAL 7035 (cor standard);<br>:: Fabricados em chapa de aço laminado a frio (material standard), aço inox ou alumínio;<br>:: IP30, 43, 54 ou 65;<br>:: IK09 ou 10;</p>



<p></p>
