{"id":433,"date":"2019-07-09T09:10:38","date_gmt":"2019-07-09T09:10:38","guid":{"rendered":"http:\/\/www.eiblda.pt\/new\/?post_type=cptportefolioelbai&#038;p=433"},"modified":"2022-08-04T09:15:48","modified_gmt":"2022-08-04T09:15:48","slug":"moradia-arq-alvaro-leite-siza-vieira-porto","status":"publish","type":"cptportefolioelbai","link":"https:\/\/www.eiblda.pt\/fr\/elbai\/portefolio\/habitacao-privada\/moradia-arq-alvaro-leite-siza-vieira-porto\/","title":{"rendered":"Moradia Arq. \u00c1lvaro Leite Siza Vieira (Porto)"},"content":{"rendered":"\n<figure class=\"wp-block-gallery has-nested-images columns-default is-cropped wp-block-gallery-1 is-layout-flex wp-block-gallery-is-layout-flex\">\n<figure class=\"wp-block-image\"><img loading=\"lazy\" decoding=\"async\" width=\"2490\" height=\"999\" data-id=\"1175\" src=\"http:\/\/www.eiblda.pt\/new\/wp-content\/uploads\/2019\/07\/habita\u00e7\u00e3o-alvaro-vieira-03-2490x999.jpg\" alt=\"\" class=\"wp-image-1175\" srcset=\"https:\/\/www.eiblda.pt\/wp-content\/uploads\/2019\/07\/habita\u00e7\u00e3o-alvaro-vieira-03-2490x999.jpg 2490w, https:\/\/www.eiblda.pt\/wp-content\/uploads\/2019\/07\/habita\u00e7\u00e3o-alvaro-vieira-03-750x301.jpg 750w\" sizes=\"auto, (max-width: 2490px) 100vw, 2490px\" \/><\/figure>\n\n\n\n<figure class=\"wp-block-image\"><img loading=\"lazy\" decoding=\"async\" width=\"2490\" height=\"999\" data-id=\"1172\" src=\"http:\/\/www.eiblda.pt\/new\/wp-content\/uploads\/2019\/07\/habita\u00e7\u00e3o-alvaro-vieira-09-2490x999.jpg\" alt=\"\" class=\"wp-image-1172\" srcset=\"https:\/\/www.eiblda.pt\/wp-content\/uploads\/2019\/07\/habita\u00e7\u00e3o-alvaro-vieira-09-2490x999.jpg 2490w, https:\/\/www.eiblda.pt\/wp-content\/uploads\/2019\/07\/habita\u00e7\u00e3o-alvaro-vieira-09-750x301.jpg 750w\" sizes=\"auto, (max-width: 2490px) 100vw, 2490px\" \/><\/figure>\n\n\n\n<figure class=\"wp-block-image\"><img loading=\"lazy\" decoding=\"async\" width=\"2490\" height=\"999\" data-id=\"1173\" src=\"http:\/\/www.eiblda.pt\/new\/wp-content\/uploads\/2019\/07\/habita\u00e7\u00e3o-alvaro-vieira-12-2490x999.jpg\" alt=\"\" class=\"wp-image-1173\" srcset=\"https:\/\/www.eiblda.pt\/wp-content\/uploads\/2019\/07\/habita\u00e7\u00e3o-alvaro-vieira-12-2490x999.jpg 2490w, https:\/\/www.eiblda.pt\/wp-content\/uploads\/2019\/07\/habita\u00e7\u00e3o-alvaro-vieira-12-750x301.jpg 750w\" sizes=\"auto, (max-width: 2490px) 100vw, 2490px\" \/><\/figure>\n\n\n\n<figure class=\"wp-block-image\"><img loading=\"lazy\" decoding=\"async\" width=\"2488\" height=\"1000\" data-id=\"1164\" src=\"http:\/\/www.eiblda.pt\/new\/wp-content\/uploads\/2019\/07\/habita\u00e7\u00e3o-alvaro-vieira-01-2488x1000.jpg\" alt=\"\" class=\"wp-image-1164\" srcset=\"https:\/\/www.eiblda.pt\/wp-content\/uploads\/2019\/07\/habita\u00e7\u00e3o-alvaro-vieira-01-2488x1000.jpg 2488w, https:\/\/www.eiblda.pt\/wp-content\/uploads\/2019\/07\/habita\u00e7\u00e3o-alvaro-vieira-01-750x302.jpg 750w\" sizes=\"auto, (max-width: 2488px) 100vw, 2488px\" \/><\/figure>\n\n\n\n<figure class=\"wp-block-image\"><img loading=\"lazy\" decoding=\"async\" width=\"2488\" height=\"1000\" data-id=\"1165\" src=\"http:\/\/www.eiblda.pt\/new\/wp-content\/uploads\/2019\/07\/habita\u00e7\u00e3o-alvaro-vieira-02-2488x1000.jpg\" alt=\"\" class=\"wp-image-1165\" srcset=\"https:\/\/www.eiblda.pt\/wp-content\/uploads\/2019\/07\/habita\u00e7\u00e3o-alvaro-vieira-02-2488x1000.jpg 2488w, https:\/\/www.eiblda.pt\/wp-content\/uploads\/2019\/07\/habita\u00e7\u00e3o-alvaro-vieira-02-750x302.jpg 750w\" sizes=\"auto, (max-width: 2488px) 100vw, 2488px\" \/><\/figure>\n\n\n\n<figure class=\"wp-block-image\"><img loading=\"lazy\" decoding=\"async\" width=\"2490\" height=\"999\" data-id=\"1169\" src=\"http:\/\/www.eiblda.pt\/new\/wp-content\/uploads\/2019\/07\/habita\u00e7\u00e3o-alvaro-vieira-06-2490x999.jpg\" alt=\"\" class=\"wp-image-1169\" srcset=\"https:\/\/www.eiblda.pt\/wp-content\/uploads\/2019\/07\/habita\u00e7\u00e3o-alvaro-vieira-06-2490x999.jpg 2490w, https:\/\/www.eiblda.pt\/wp-content\/uploads\/2019\/07\/habita\u00e7\u00e3o-alvaro-vieira-06-750x301.jpg 750w\" sizes=\"auto, (max-width: 2490px) 100vw, 2490px\" \/><\/figure>\n\n\n\n<figure class=\"wp-block-image\"><img loading=\"lazy\" decoding=\"async\" width=\"2490\" height=\"1000\" data-id=\"1166\" src=\"http:\/\/www.eiblda.pt\/new\/wp-content\/uploads\/2019\/07\/habita\u00e7\u00e3o-alvaro-vieira-10.jpg\" alt=\"\" class=\"wp-image-1166\" srcset=\"https:\/\/www.eiblda.pt\/wp-content\/uploads\/2019\/07\/habita\u00e7\u00e3o-alvaro-vieira-10.jpg 2490w, https:\/\/www.eiblda.pt\/wp-content\/uploads\/2019\/07\/habita\u00e7\u00e3o-alvaro-vieira-10-750x301.jpg 750w\" sizes=\"auto, (max-width: 2490px) 100vw, 2490px\" \/><\/figure>\n\n\n\n<figure class=\"wp-block-image\"><img loading=\"lazy\" decoding=\"async\" width=\"2490\" height=\"999\" data-id=\"1170\" src=\"http:\/\/www.eiblda.pt\/new\/wp-content\/uploads\/2019\/07\/habita\u00e7\u00e3o-alvaro-vieira-07-2490x999.jpg\" alt=\"\" class=\"wp-image-1170\" srcset=\"https:\/\/www.eiblda.pt\/wp-content\/uploads\/2019\/07\/habita\u00e7\u00e3o-alvaro-vieira-07-2490x999.jpg 2490w, https:\/\/www.eiblda.pt\/wp-content\/uploads\/2019\/07\/habita\u00e7\u00e3o-alvaro-vieira-07-750x301.jpg 750w\" sizes=\"auto, (max-width: 2490px) 100vw, 2490px\" \/><\/figure>\n\n\n\n<figure class=\"wp-block-image\"><img loading=\"lazy\" decoding=\"async\" width=\"2490\" height=\"999\" data-id=\"1167\" src=\"http:\/\/www.eiblda.pt\/new\/wp-content\/uploads\/2019\/07\/habita\u00e7\u00e3o-alvaro-vieira-04-2490x999.jpg\" alt=\"\" class=\"wp-image-1167\" srcset=\"https:\/\/www.eiblda.pt\/wp-content\/uploads\/2019\/07\/habita\u00e7\u00e3o-alvaro-vieira-04-2490x999.jpg 2490w, https:\/\/www.eiblda.pt\/wp-content\/uploads\/2019\/07\/habita\u00e7\u00e3o-alvaro-vieira-04-750x301.jpg 750w\" sizes=\"auto, (max-width: 2490px) 100vw, 2490px\" \/><\/figure>\n\n\n\n<figure class=\"wp-block-image\"><img loading=\"lazy\" decoding=\"async\" width=\"2490\" height=\"999\" data-id=\"1171\" src=\"http:\/\/www.eiblda.pt\/new\/wp-content\/uploads\/2019\/07\/habita\u00e7\u00e3o-alvaro-vieira-08-2490x999.jpg\" alt=\"\" class=\"wp-image-1171\" srcset=\"https:\/\/www.eiblda.pt\/wp-content\/uploads\/2019\/07\/habita\u00e7\u00e3o-alvaro-vieira-08-2490x999.jpg 2490w, https:\/\/www.eiblda.pt\/wp-content\/uploads\/2019\/07\/habita\u00e7\u00e3o-alvaro-vieira-08-750x301.jpg 750w\" sizes=\"auto, (max-width: 2490px) 100vw, 2490px\" \/><\/figure>\n\n\n\n<figure class=\"wp-block-image\"><img loading=\"lazy\" decoding=\"async\" width=\"2490\" height=\"999\" data-id=\"1168\" src=\"http:\/\/www.eiblda.pt\/new\/wp-content\/uploads\/2019\/07\/habita\u00e7\u00e3o-alvaro-vieira-05-2490x999.jpg\" alt=\"\" class=\"wp-image-1168\" srcset=\"https:\/\/www.eiblda.pt\/wp-content\/uploads\/2019\/07\/habita\u00e7\u00e3o-alvaro-vieira-05-2490x999.jpg 2490w, https:\/\/www.eiblda.pt\/wp-content\/uploads\/2019\/07\/habita\u00e7\u00e3o-alvaro-vieira-05-750x301.jpg 750w\" sizes=\"auto, (max-width: 2490px) 100vw, 2490px\" \/><\/figure>\n<\/figure>\n\n\n<h2 class=\"wp-block-post-title\">Moradia Arq. \u00c1lvaro Leite Siza Vieira (Porto)<\/h2>\n\n\n<p>Segundo \u00c1lvaro Leite Siza, esta casa \u00e9 \u00ab\u00a0o trabalho da sua vida\u00a0\u00bb, levou 12 anos para ser conclu\u00eddo, escolha do  local de constru\u00e7\u00e3o, o desenho da casa, e depois constru\u00ed-la. O tamanho  da casa \u00e9 quase escultural com suas linhas e \u00e2ngulos.<br>\u00ab\u00a0Para fazer  arquitetura \u00e9 necess\u00e1rio um cliente, um promotor. Quando me dei conta,  em determinado momento da minha carreira que, para continuar o meu  caminho eu precisaria ocupar esse papel tamb\u00e9m, eu n\u00e3o hesitei.  Conciliei objetivos, interesses, metas, e persegui um ideal conseguindo  um sonho. Tamb\u00e9m tinha a necessidade de ser, neste trabalho, supervisor,  coordenador e diretor do projeto. Comecei este trabalho em 2004 e  terminei no in\u00edcio de 2005. A constru\u00e7\u00e3o come\u00e7a em Fevereiro de 2006 e  foi conclu\u00edda em Julho de 2010. O projeto pessoal de casa-atelier \u00e9 o  primeiro onde est\u00e1 presente figuras a tocar o seu pr\u00f3prio ambiente,  exaltando pe\u00e7as, personalidades que derivam da hist\u00f3ria, contra a  sensibilidade individual, recriando realidades, sem inten\u00e7\u00e3o previamente  definido.\u201d<br>Os espa\u00e7os de transi\u00e7\u00e3o, os p\u00f3rticos, as l\u00e2mpadas, a luz,  as ma\u00e7anetas, as portas, os corrim\u00e3os, at\u00e9 mesmo algumas pinturas e o  mobili\u00e1rio foi desenhado para mim, mas tamb\u00e9m outras do s\u00e9culo XIX  (pe\u00e7as intemporais), que vieram da minha fam\u00edlia, encaixam perfeitamente  no ambiente, al\u00e9m de outros elementos, complementam a cria\u00e7\u00e3o de  ambientes que exaltam Mozart, Leonardo da Vinci, Miguel \u00c2ngelo e rodeado  por uma s\u00e9rie de obras de arte extraordin\u00e1rias, que n\u00e3o se limitam ao  ambiente de puramente imagin\u00e1rio arquitet\u00f3nico.\u201d<\/p>\n","protected":false},"author":1,"featured_media":1172,"parent":232,"menu_order":14,"comment_status":"open","ping_status":"closed","template":"pages\/wp-portefolioelbai.php","class_list":["post-433","cptportefolioelbai","type-cptportefolioelbai","status-publish","has-post-thumbnail","hentry"],"_links":{"self":[{"href":"https:\/\/www.eiblda.pt\/fr\/wp-json\/wp\/v2\/cptportefolioelbai\/433","targetHints":{"allow":["GET"]}}],"collection":[{"href":"https:\/\/www.eiblda.pt\/fr\/wp-json\/wp\/v2\/cptportefolioelbai"}],"about":[{"href":"https:\/\/www.eiblda.pt\/fr\/wp-json\/wp\/v2\/types\/cptportefolioelbai"}],"author":[{"embeddable":true,"href":"https:\/\/www.eiblda.pt\/fr\/wp-json\/wp\/v2\/users\/1"}],"replies":[{"embeddable":true,"href":"https:\/\/www.eiblda.pt\/fr\/wp-json\/wp\/v2\/comments?post=433"}],"up":[{"embeddable":true,"href":"https:\/\/www.eiblda.pt\/fr\/wp-json\/wp\/v2\/cptportefolioelbai\/232"}],"wp:featuredmedia":[{"embeddable":true,"href":"https:\/\/www.eiblda.pt\/fr\/wp-json\/wp\/v2\/media\/1172"}],"wp:attachment":[{"href":"https:\/\/www.eiblda.pt\/fr\/wp-json\/wp\/v2\/media?parent=433"}],"curies":[{"name":"wp","href":"https:\/\/api.w.org\/{rel}","templated":true}]}}

Moradia Arq. Álvaro Leite Siza Vieira (Porto)

<figure class="wp-block-gallery has-nested-images columns-default is-cropped wp-block-gallery-1 is-layout-flex wp-block-gallery-is-layout-flex">
<figure class="wp-block-image"><img loading="lazy" decoding="async" width="2490" height="999" data-id="1175" src="http://www.eiblda.pt/new/wp-content/uploads/2019/07/habitação-alvaro-vieira-03-2490x999.jpg" alt="" class="wp-image-1175" srcset="https://www.eiblda.pt/wp-content/uploads/2019/07/habitação-alvaro-vieira-03-2490x999.jpg 2490w, https://www.eiblda.pt/wp-content/uploads/2019/07/habitação-alvaro-vieira-03-750x301.jpg 750w" sizes="auto, (max-width: 2490px) 100vw, 2490px" /></figure>



<figure class="wp-block-image"><img loading="lazy" decoding="async" width="2490" height="999" data-id="1172" src="http://www.eiblda.pt/new/wp-content/uploads/2019/07/habitação-alvaro-vieira-09-2490x999.jpg" alt="" class="wp-image-1172" srcset="https://www.eiblda.pt/wp-content/uploads/2019/07/habitação-alvaro-vieira-09-2490x999.jpg 2490w, https://www.eiblda.pt/wp-content/uploads/2019/07/habitação-alvaro-vieira-09-750x301.jpg 750w" sizes="auto, (max-width: 2490px) 100vw, 2490px" /></figure>



<figure class="wp-block-image"><img loading="lazy" decoding="async" width="2490" height="999" data-id="1173" src="http://www.eiblda.pt/new/wp-content/uploads/2019/07/habitação-alvaro-vieira-12-2490x999.jpg" alt="" class="wp-image-1173" srcset="https://www.eiblda.pt/wp-content/uploads/2019/07/habitação-alvaro-vieira-12-2490x999.jpg 2490w, https://www.eiblda.pt/wp-content/uploads/2019/07/habitação-alvaro-vieira-12-750x301.jpg 750w" sizes="auto, (max-width: 2490px) 100vw, 2490px" /></figure>



<figure class="wp-block-image"><img loading="lazy" decoding="async" width="2488" height="1000" data-id="1164" src="http://www.eiblda.pt/new/wp-content/uploads/2019/07/habitação-alvaro-vieira-01-2488x1000.jpg" alt="" class="wp-image-1164" srcset="https://www.eiblda.pt/wp-content/uploads/2019/07/habitação-alvaro-vieira-01-2488x1000.jpg 2488w, https://www.eiblda.pt/wp-content/uploads/2019/07/habitação-alvaro-vieira-01-750x302.jpg 750w" sizes="auto, (max-width: 2488px) 100vw, 2488px" /></figure>



<figure class="wp-block-image"><img loading="lazy" decoding="async" width="2488" height="1000" data-id="1165" src="http://www.eiblda.pt/new/wp-content/uploads/2019/07/habitação-alvaro-vieira-02-2488x1000.jpg" alt="" class="wp-image-1165" srcset="https://www.eiblda.pt/wp-content/uploads/2019/07/habitação-alvaro-vieira-02-2488x1000.jpg 2488w, https://www.eiblda.pt/wp-content/uploads/2019/07/habitação-alvaro-vieira-02-750x302.jpg 750w" sizes="auto, (max-width: 2488px) 100vw, 2488px" /></figure>



<figure class="wp-block-image"><img loading="lazy" decoding="async" width="2490" height="999" data-id="1169" src="http://www.eiblda.pt/new/wp-content/uploads/2019/07/habitação-alvaro-vieira-06-2490x999.jpg" alt="" class="wp-image-1169" srcset="https://www.eiblda.pt/wp-content/uploads/2019/07/habitação-alvaro-vieira-06-2490x999.jpg 2490w, https://www.eiblda.pt/wp-content/uploads/2019/07/habitação-alvaro-vieira-06-750x301.jpg 750w" sizes="auto, (max-width: 2490px) 100vw, 2490px" /></figure>



<figure class="wp-block-image"><img loading="lazy" decoding="async" width="2490" height="1000" data-id="1166" src="http://www.eiblda.pt/new/wp-content/uploads/2019/07/habitação-alvaro-vieira-10.jpg" alt="" class="wp-image-1166" srcset="https://www.eiblda.pt/wp-content/uploads/2019/07/habitação-alvaro-vieira-10.jpg 2490w, https://www.eiblda.pt/wp-content/uploads/2019/07/habitação-alvaro-vieira-10-750x301.jpg 750w" sizes="auto, (max-width: 2490px) 100vw, 2490px" /></figure>



<figure class="wp-block-image"><img loading="lazy" decoding="async" width="2490" height="999" data-id="1170" src="http://www.eiblda.pt/new/wp-content/uploads/2019/07/habitação-alvaro-vieira-07-2490x999.jpg" alt="" class="wp-image-1170" srcset="https://www.eiblda.pt/wp-content/uploads/2019/07/habitação-alvaro-vieira-07-2490x999.jpg 2490w, https://www.eiblda.pt/wp-content/uploads/2019/07/habitação-alvaro-vieira-07-750x301.jpg 750w" sizes="auto, (max-width: 2490px) 100vw, 2490px" /></figure>



<figure class="wp-block-image"><img loading="lazy" decoding="async" width="2490" height="999" data-id="1167" src="http://www.eiblda.pt/new/wp-content/uploads/2019/07/habitação-alvaro-vieira-04-2490x999.jpg" alt="" class="wp-image-1167" srcset="https://www.eiblda.pt/wp-content/uploads/2019/07/habitação-alvaro-vieira-04-2490x999.jpg 2490w, https://www.eiblda.pt/wp-content/uploads/2019/07/habitação-alvaro-vieira-04-750x301.jpg 750w" sizes="auto, (max-width: 2490px) 100vw, 2490px" /></figure>



<figure class="wp-block-image"><img loading="lazy" decoding="async" width="2490" height="999" data-id="1171" src="http://www.eiblda.pt/new/wp-content/uploads/2019/07/habitação-alvaro-vieira-08-2490x999.jpg" alt="" class="wp-image-1171" srcset="https://www.eiblda.pt/wp-content/uploads/2019/07/habitação-alvaro-vieira-08-2490x999.jpg 2490w, https://www.eiblda.pt/wp-content/uploads/2019/07/habitação-alvaro-vieira-08-750x301.jpg 750w" sizes="auto, (max-width: 2490px) 100vw, 2490px" /></figure>



<figure class="wp-block-image"><img loading="lazy" decoding="async" width="2490" height="999" data-id="1168" src="http://www.eiblda.pt/new/wp-content/uploads/2019/07/habitação-alvaro-vieira-05-2490x999.jpg" alt="" class="wp-image-1168" srcset="https://www.eiblda.pt/wp-content/uploads/2019/07/habitação-alvaro-vieira-05-2490x999.jpg 2490w, https://www.eiblda.pt/wp-content/uploads/2019/07/habitação-alvaro-vieira-05-750x301.jpg 750w" sizes="auto, (max-width: 2490px) 100vw, 2490px" /></figure>
</figure>


<h2 class="wp-block-post-title">Moradia Arq. Álvaro Leite Siza Vieira (Porto)</h2>


<p>Segundo Álvaro Leite Siza, esta casa é « o trabalho da sua vida », levou 12 anos para ser concluído, escolha do  local de construção, o desenho da casa, e depois construí-la. O tamanho  da casa é quase escultural com suas linhas e ângulos.<br>« Para fazer  arquitetura é necessário um cliente, um promotor. Quando me dei conta,  em determinado momento da minha carreira que, para continuar o meu  caminho eu precisaria ocupar esse papel também, eu não hesitei.  Conciliei objetivos, interesses, metas, e persegui um ideal conseguindo  um sonho. Também tinha a necessidade de ser, neste trabalho, supervisor,  coordenador e diretor do projeto. Comecei este trabalho em 2004 e  terminei no início de 2005. A construção começa em Fevereiro de 2006 e  foi concluída em Julho de 2010. O projeto pessoal de casa-atelier é o  primeiro onde está presente figuras a tocar o seu próprio ambiente,  exaltando peças, personalidades que derivam da história, contra a  sensibilidade individual, recriando realidades, sem intenção previamente  definido.”<br>Os espaços de transição, os pórticos, as lâmpadas, a luz,  as maçanetas, as portas, os corrimãos, até mesmo algumas pinturas e o  mobiliário foi desenhado para mim, mas também outras do século XIX  (peças intemporais), que vieram da minha família, encaixam perfeitamente  no ambiente, além de outros elementos, complementam a criação de  ambientes que exaltam Mozart, Leonardo da Vinci, Miguel Ângelo e rodeado  por uma série de obras de arte extraordinárias, que não se limitam ao  ambiente de puramente imaginário arquitetónico.”</p>
