{"id":374,"date":"2019-07-09T08:47:38","date_gmt":"2019-07-09T08:47:38","guid":{"rendered":"http:\/\/www.eiblda.pt\/new\/?post_type=cptportefolioelbai&#038;p=374"},"modified":"2019-08-05T19:30:38","modified_gmt":"2019-08-05T19:30:38","slug":"etar-do-tamega-ponte-da-baia-amarante","status":"publish","type":"cptportefolioelbai","link":"https:\/\/www.eiblda.pt\/fr\/elbai\/portefolio\/meio-ambiente\/etar-do-tamega-ponte-da-baia-amarante\/","title":{"rendered":"ETAR do T\u00e2mega \/ Ponte da Baia (Amarante)"},"content":{"rendered":"\n<ul class=\"wp-block-gallery columns-3 is-cropped wp-block-gallery-1 is-layout-flex wp-block-gallery-is-layout-flex\"><li class=\"blocks-gallery-item\"><figure><img loading=\"lazy\" decoding=\"async\" width=\"2490\" height=\"1000\" src=\"http:\/\/www.eiblda.pt\/new\/wp-content\/uploads\/2019\/07\/Etar-da-Baia-Amarante07.jpg\" alt=\"\" data-id=\"1229\" data-link=\"http:\/\/www.eiblda.pt\/new\/elbai\/portefolio\/meio-ambiente\/etar-do-tamega-ponte-da-baia-amarante\/etar-da-baia-amarante07\/\" class=\"wp-image-1229\" srcset=\"https:\/\/www.eiblda.pt\/wp-content\/uploads\/2019\/07\/Etar-da-Baia-Amarante07.jpg 2490w, https:\/\/www.eiblda.pt\/wp-content\/uploads\/2019\/07\/Etar-da-Baia-Amarante07-750x301.jpg 750w\" sizes=\"auto, (max-width: 2490px) 100vw, 2490px\" \/><\/figure><\/li><li class=\"blocks-gallery-item\"><figure><img loading=\"lazy\" decoding=\"async\" width=\"2490\" height=\"1000\" src=\"http:\/\/www.eiblda.pt\/new\/wp-content\/uploads\/2019\/07\/Etar-da-Baia-Amarante02.jpg\" alt=\"\" data-id=\"1224\" data-link=\"http:\/\/www.eiblda.pt\/new\/elbai\/portefolio\/meio-ambiente\/etar-do-tamega-ponte-da-baia-amarante\/etar-da-baia-amarante02\/\" class=\"wp-image-1224\" srcset=\"https:\/\/www.eiblda.pt\/wp-content\/uploads\/2019\/07\/Etar-da-Baia-Amarante02.jpg 2490w, https:\/\/www.eiblda.pt\/wp-content\/uploads\/2019\/07\/Etar-da-Baia-Amarante02-750x301.jpg 750w\" sizes=\"auto, (max-width: 2490px) 100vw, 2490px\" \/><\/figure><\/li><li class=\"blocks-gallery-item\"><figure><img loading=\"lazy\" decoding=\"async\" width=\"2490\" height=\"1000\" src=\"http:\/\/www.eiblda.pt\/new\/wp-content\/uploads\/2019\/07\/Etar-da-Baia-Amarante06.jpg\" alt=\"\" data-id=\"1228\" data-link=\"http:\/\/www.eiblda.pt\/new\/elbai\/portefolio\/meio-ambiente\/etar-do-tamega-ponte-da-baia-amarante\/etar-da-baia-amarante06\/\" class=\"wp-image-1228\" srcset=\"https:\/\/www.eiblda.pt\/wp-content\/uploads\/2019\/07\/Etar-da-Baia-Amarante06.jpg 2490w, https:\/\/www.eiblda.pt\/wp-content\/uploads\/2019\/07\/Etar-da-Baia-Amarante06-750x301.jpg 750w\" sizes=\"auto, (max-width: 2490px) 100vw, 2490px\" \/><\/figure><\/li><li class=\"blocks-gallery-item\"><figure><img loading=\"lazy\" decoding=\"async\" width=\"2490\" height=\"1000\" src=\"http:\/\/www.eiblda.pt\/new\/wp-content\/uploads\/2019\/07\/Etar-da-Baia-Amarante08.jpg\" alt=\"\" data-id=\"1230\" data-link=\"http:\/\/www.eiblda.pt\/new\/elbai\/portefolio\/meio-ambiente\/etar-do-tamega-ponte-da-baia-amarante\/etar-da-baia-amarante08\/\" class=\"wp-image-1230\" srcset=\"https:\/\/www.eiblda.pt\/wp-content\/uploads\/2019\/07\/Etar-da-Baia-Amarante08.jpg 2490w, https:\/\/www.eiblda.pt\/wp-content\/uploads\/2019\/07\/Etar-da-Baia-Amarante08-750x301.jpg 750w\" sizes=\"auto, (max-width: 2490px) 100vw, 2490px\" \/><\/figure><\/li><li class=\"blocks-gallery-item\"><figure><img loading=\"lazy\" decoding=\"async\" width=\"2490\" height=\"1000\" src=\"http:\/\/www.eiblda.pt\/new\/wp-content\/uploads\/2019\/07\/Etar-da-Baia-Amarante09.jpg\" alt=\"\" data-id=\"1231\" data-link=\"http:\/\/www.eiblda.pt\/new\/elbai\/portefolio\/meio-ambiente\/etar-do-tamega-ponte-da-baia-amarante\/etar-da-baia-amarante09\/\" class=\"wp-image-1231\" srcset=\"https:\/\/www.eiblda.pt\/wp-content\/uploads\/2019\/07\/Etar-da-Baia-Amarante09.jpg 2490w, https:\/\/www.eiblda.pt\/wp-content\/uploads\/2019\/07\/Etar-da-Baia-Amarante09-750x301.jpg 750w\" sizes=\"auto, (max-width: 2490px) 100vw, 2490px\" \/><\/figure><\/li><li class=\"blocks-gallery-item\"><figure><img loading=\"lazy\" decoding=\"async\" width=\"2490\" height=\"1000\" src=\"http:\/\/www.eiblda.pt\/new\/wp-content\/uploads\/2019\/07\/Etar-da-Baia-Amarante14.jpg\" alt=\"\" data-id=\"1222\" data-link=\"http:\/\/www.eiblda.pt\/new\/elbai\/portefolio\/meio-ambiente\/etar-do-tamega-ponte-da-baia-amarante\/etar-da-baia-amarante14\/\" class=\"wp-image-1222\" srcset=\"https:\/\/www.eiblda.pt\/wp-content\/uploads\/2019\/07\/Etar-da-Baia-Amarante14.jpg 2490w, https:\/\/www.eiblda.pt\/wp-content\/uploads\/2019\/07\/Etar-da-Baia-Amarante14-750x301.jpg 750w\" sizes=\"auto, (max-width: 2490px) 100vw, 2490px\" \/><\/figure><\/li><li class=\"blocks-gallery-item\"><figure><img loading=\"lazy\" decoding=\"async\" width=\"2490\" height=\"1000\" src=\"http:\/\/www.eiblda.pt\/new\/wp-content\/uploads\/2019\/07\/Etar-da-Baia-Amarante03.jpg\" alt=\"\" data-id=\"1225\" data-link=\"http:\/\/www.eiblda.pt\/new\/elbai\/portefolio\/meio-ambiente\/etar-do-tamega-ponte-da-baia-amarante\/etar-da-baia-amarante03\/\" class=\"wp-image-1225\" srcset=\"https:\/\/www.eiblda.pt\/wp-content\/uploads\/2019\/07\/Etar-da-Baia-Amarante03.jpg 2490w, https:\/\/www.eiblda.pt\/wp-content\/uploads\/2019\/07\/Etar-da-Baia-Amarante03-750x301.jpg 750w\" sizes=\"auto, (max-width: 2490px) 100vw, 2490px\" \/><\/figure><\/li><li class=\"blocks-gallery-item\"><figure><img loading=\"lazy\" decoding=\"async\" width=\"2490\" height=\"1000\" src=\"http:\/\/www.eiblda.pt\/new\/wp-content\/uploads\/2019\/07\/Etar-da-Baia-Amarante10.jpg\" alt=\"\" data-id=\"1218\" data-link=\"http:\/\/www.eiblda.pt\/new\/elbai\/portefolio\/meio-ambiente\/etar-do-tamega-ponte-da-baia-amarante\/etar-da-baia-amarante10\/\" class=\"wp-image-1218\" srcset=\"https:\/\/www.eiblda.pt\/wp-content\/uploads\/2019\/07\/Etar-da-Baia-Amarante10.jpg 2490w, https:\/\/www.eiblda.pt\/wp-content\/uploads\/2019\/07\/Etar-da-Baia-Amarante10-750x301.jpg 750w\" sizes=\"auto, (max-width: 2490px) 100vw, 2490px\" \/><\/figure><\/li><li class=\"blocks-gallery-item\"><figure><img loading=\"lazy\" decoding=\"async\" width=\"2490\" height=\"1000\" src=\"http:\/\/www.eiblda.pt\/new\/wp-content\/uploads\/2019\/07\/Etar-da-Baia-Amarante11.jpg\" alt=\"\" data-id=\"1219\" data-link=\"http:\/\/www.eiblda.pt\/new\/elbai\/portefolio\/meio-ambiente\/etar-do-tamega-ponte-da-baia-amarante\/etar-da-baia-amarante11\/\" class=\"wp-image-1219\" srcset=\"https:\/\/www.eiblda.pt\/wp-content\/uploads\/2019\/07\/Etar-da-Baia-Amarante11.jpg 2490w, https:\/\/www.eiblda.pt\/wp-content\/uploads\/2019\/07\/Etar-da-Baia-Amarante11-750x301.jpg 750w\" sizes=\"auto, (max-width: 2490px) 100vw, 2490px\" \/><\/figure><\/li><li class=\"blocks-gallery-item\"><figure><img loading=\"lazy\" decoding=\"async\" width=\"2490\" height=\"1000\" src=\"http:\/\/www.eiblda.pt\/new\/wp-content\/uploads\/2019\/07\/Etar-da-Baia-Amarante12.jpg\" alt=\"\" data-id=\"1220\" data-link=\"http:\/\/www.eiblda.pt\/new\/elbai\/portefolio\/meio-ambiente\/etar-do-tamega-ponte-da-baia-amarante\/etar-da-baia-amarante12\/\" class=\"wp-image-1220\" srcset=\"https:\/\/www.eiblda.pt\/wp-content\/uploads\/2019\/07\/Etar-da-Baia-Amarante12.jpg 2490w, https:\/\/www.eiblda.pt\/wp-content\/uploads\/2019\/07\/Etar-da-Baia-Amarante12-750x301.jpg 750w\" sizes=\"auto, (max-width: 2490px) 100vw, 2490px\" \/><\/figure><\/li><li class=\"blocks-gallery-item\"><figure><img loading=\"lazy\" decoding=\"async\" width=\"2490\" height=\"1000\" src=\"http:\/\/www.eiblda.pt\/new\/wp-content\/uploads\/2019\/07\/Etar-da-Baia-Amarante13.jpg\" alt=\"\" data-id=\"1221\" data-link=\"http:\/\/www.eiblda.pt\/new\/elbai\/portefolio\/meio-ambiente\/etar-do-tamega-ponte-da-baia-amarante\/etar-da-baia-amarante13\/\" class=\"wp-image-1221\" srcset=\"https:\/\/www.eiblda.pt\/wp-content\/uploads\/2019\/07\/Etar-da-Baia-Amarante13.jpg 2490w, https:\/\/www.eiblda.pt\/wp-content\/uploads\/2019\/07\/Etar-da-Baia-Amarante13-750x301.jpg 750w\" sizes=\"auto, (max-width: 2490px) 100vw, 2490px\" \/><\/figure><\/li><li class=\"blocks-gallery-item\"><figure><img loading=\"lazy\" decoding=\"async\" width=\"2490\" height=\"1000\" src=\"http:\/\/www.eiblda.pt\/new\/wp-content\/uploads\/2019\/07\/Etar-da-Baia-Amarante01.jpg\" alt=\"\" data-id=\"1223\" data-link=\"http:\/\/www.eiblda.pt\/new\/elbai\/portefolio\/meio-ambiente\/etar-do-tamega-ponte-da-baia-amarante\/etar-da-baia-amarante01\/\" class=\"wp-image-1223\" srcset=\"https:\/\/www.eiblda.pt\/wp-content\/uploads\/2019\/07\/Etar-da-Baia-Amarante01.jpg 2490w, https:\/\/www.eiblda.pt\/wp-content\/uploads\/2019\/07\/Etar-da-Baia-Amarante01-750x301.jpg 750w\" sizes=\"auto, (max-width: 2490px) 100vw, 2490px\" \/><\/figure><\/li><li class=\"blocks-gallery-item\"><figure><img loading=\"lazy\" decoding=\"async\" width=\"2490\" height=\"1000\" src=\"http:\/\/www.eiblda.pt\/new\/wp-content\/uploads\/2019\/07\/Etar-da-Baia-Amarante04.jpg\" alt=\"\" data-id=\"1226\" data-link=\"http:\/\/www.eiblda.pt\/new\/elbai\/portefolio\/meio-ambiente\/etar-do-tamega-ponte-da-baia-amarante\/etar-da-baia-amarante04\/\" class=\"wp-image-1226\" srcset=\"https:\/\/www.eiblda.pt\/wp-content\/uploads\/2019\/07\/Etar-da-Baia-Amarante04.jpg 2490w, https:\/\/www.eiblda.pt\/wp-content\/uploads\/2019\/07\/Etar-da-Baia-Amarante04-750x301.jpg 750w\" sizes=\"auto, (max-width: 2490px) 100vw, 2490px\" \/><\/figure><\/li><li class=\"blocks-gallery-item\"><figure><img loading=\"lazy\" decoding=\"async\" width=\"2490\" height=\"1000\" src=\"http:\/\/www.eiblda.pt\/new\/wp-content\/uploads\/2019\/07\/Etar-da-Baia-Amarante05.jpg\" alt=\"\" data-id=\"1227\" data-link=\"http:\/\/www.eiblda.pt\/new\/elbai\/portefolio\/meio-ambiente\/etar-do-tamega-ponte-da-baia-amarante\/etar-da-baia-amarante05\/\" class=\"wp-image-1227\" srcset=\"https:\/\/www.eiblda.pt\/wp-content\/uploads\/2019\/07\/Etar-da-Baia-Amarante05.jpg 2490w, https:\/\/www.eiblda.pt\/wp-content\/uploads\/2019\/07\/Etar-da-Baia-Amarante05-750x301.jpg 750w\" sizes=\"auto, (max-width: 2490px) 100vw, 2490px\" \/><\/figure><\/li><\/ul>\n\n\n\n<p>\u201cA Esta\u00e7\u00e3o de Tratamento de \u00c1guas  Residuais (ETAR) do T\u00e2mega \/ Ponte da Baia, implantada na freguesia de  Vila Caiz, no munic\u00edpio de Amarante, \u00e9 um dos muitos investimentos que a  empresa \u00c1guas do Noroeste, S.A. desenvolveu em parceria com o munic\u00edpio  de Amarante, para solucionar, definitivamente, os problemas existentes  no saneamento de \u00e1guas residuais.<br>A ETAR do T\u00e2mega \/ Ponte da Baia  est\u00e1 integrada na Frente de Drenagem 14 e servir\u00e1 21 freguesias do  munic\u00edpio de Amarante, quatro freguesias do munic\u00edpio de Celorico de  Basto e cinco freguesias do munic\u00edpio de Felgueiras.\u201d<\/p>\n\n\n\n<p><\/p>\n","protected":false},"author":1,"featured_media":1226,"parent":228,"menu_order":33,"comment_status":"open","ping_status":"closed","template":"pages\/wp-portefolioelbai.php","class_list":["post-374","cptportefolioelbai","type-cptportefolioelbai","status-publish","has-post-thumbnail","hentry"],"_links":{"self":[{"href":"https:\/\/www.eiblda.pt\/fr\/wp-json\/wp\/v2\/cptportefolioelbai\/374","targetHints":{"allow":["GET"]}}],"collection":[{"href":"https:\/\/www.eiblda.pt\/fr\/wp-json\/wp\/v2\/cptportefolioelbai"}],"about":[{"href":"https:\/\/www.eiblda.pt\/fr\/wp-json\/wp\/v2\/types\/cptportefolioelbai"}],"author":[{"embeddable":true,"href":"https:\/\/www.eiblda.pt\/fr\/wp-json\/wp\/v2\/users\/1"}],"replies":[{"embeddable":true,"href":"https:\/\/www.eiblda.pt\/fr\/wp-json\/wp\/v2\/comments?post=374"}],"up":[{"embeddable":true,"href":"https:\/\/www.eiblda.pt\/fr\/wp-json\/wp\/v2\/cptportefolioelbai\/228"}],"wp:featuredmedia":[{"embeddable":true,"href":"https:\/\/www.eiblda.pt\/fr\/wp-json\/wp\/v2\/media\/1226"}],"wp:attachment":[{"href":"https:\/\/www.eiblda.pt\/fr\/wp-json\/wp\/v2\/media?parent=374"}],"curies":[{"name":"wp","href":"https:\/\/api.w.org\/{rel}","templated":true}]}}

ETAR do Tâmega / Ponte da Baia (Amarante)

<ul class="wp-block-gallery columns-3 is-cropped wp-block-gallery-1 is-layout-flex wp-block-gallery-is-layout-flex"><li class="blocks-gallery-item"><figure><img loading="lazy" decoding="async" width="2490" height="1000" src="http://www.eiblda.pt/new/wp-content/uploads/2019/07/Etar-da-Baia-Amarante07.jpg" alt="" data-id="1229" data-link="http://www.eiblda.pt/new/elbai/portefolio/meio-ambiente/etar-do-tamega-ponte-da-baia-amarante/etar-da-baia-amarante07/" class="wp-image-1229" srcset="https://www.eiblda.pt/wp-content/uploads/2019/07/Etar-da-Baia-Amarante07.jpg 2490w, https://www.eiblda.pt/wp-content/uploads/2019/07/Etar-da-Baia-Amarante07-750x301.jpg 750w" sizes="auto, (max-width: 2490px) 100vw, 2490px" /></figure></li><li class="blocks-gallery-item"><figure><img loading="lazy" decoding="async" width="2490" height="1000" src="http://www.eiblda.pt/new/wp-content/uploads/2019/07/Etar-da-Baia-Amarante02.jpg" alt="" data-id="1224" data-link="http://www.eiblda.pt/new/elbai/portefolio/meio-ambiente/etar-do-tamega-ponte-da-baia-amarante/etar-da-baia-amarante02/" class="wp-image-1224" srcset="https://www.eiblda.pt/wp-content/uploads/2019/07/Etar-da-Baia-Amarante02.jpg 2490w, https://www.eiblda.pt/wp-content/uploads/2019/07/Etar-da-Baia-Amarante02-750x301.jpg 750w" sizes="auto, (max-width: 2490px) 100vw, 2490px" /></figure></li><li class="blocks-gallery-item"><figure><img loading="lazy" decoding="async" width="2490" height="1000" src="http://www.eiblda.pt/new/wp-content/uploads/2019/07/Etar-da-Baia-Amarante06.jpg" alt="" data-id="1228" data-link="http://www.eiblda.pt/new/elbai/portefolio/meio-ambiente/etar-do-tamega-ponte-da-baia-amarante/etar-da-baia-amarante06/" class="wp-image-1228" srcset="https://www.eiblda.pt/wp-content/uploads/2019/07/Etar-da-Baia-Amarante06.jpg 2490w, https://www.eiblda.pt/wp-content/uploads/2019/07/Etar-da-Baia-Amarante06-750x301.jpg 750w" sizes="auto, (max-width: 2490px) 100vw, 2490px" /></figure></li><li class="blocks-gallery-item"><figure><img loading="lazy" decoding="async" width="2490" height="1000" src="http://www.eiblda.pt/new/wp-content/uploads/2019/07/Etar-da-Baia-Amarante08.jpg" alt="" data-id="1230" data-link="http://www.eiblda.pt/new/elbai/portefolio/meio-ambiente/etar-do-tamega-ponte-da-baia-amarante/etar-da-baia-amarante08/" class="wp-image-1230" srcset="https://www.eiblda.pt/wp-content/uploads/2019/07/Etar-da-Baia-Amarante08.jpg 2490w, https://www.eiblda.pt/wp-content/uploads/2019/07/Etar-da-Baia-Amarante08-750x301.jpg 750w" sizes="auto, (max-width: 2490px) 100vw, 2490px" /></figure></li><li class="blocks-gallery-item"><figure><img loading="lazy" decoding="async" width="2490" height="1000" src="http://www.eiblda.pt/new/wp-content/uploads/2019/07/Etar-da-Baia-Amarante09.jpg" alt="" data-id="1231" data-link="http://www.eiblda.pt/new/elbai/portefolio/meio-ambiente/etar-do-tamega-ponte-da-baia-amarante/etar-da-baia-amarante09/" class="wp-image-1231" srcset="https://www.eiblda.pt/wp-content/uploads/2019/07/Etar-da-Baia-Amarante09.jpg 2490w, https://www.eiblda.pt/wp-content/uploads/2019/07/Etar-da-Baia-Amarante09-750x301.jpg 750w" sizes="auto, (max-width: 2490px) 100vw, 2490px" /></figure></li><li class="blocks-gallery-item"><figure><img loading="lazy" decoding="async" width="2490" height="1000" src="http://www.eiblda.pt/new/wp-content/uploads/2019/07/Etar-da-Baia-Amarante14.jpg" alt="" data-id="1222" data-link="http://www.eiblda.pt/new/elbai/portefolio/meio-ambiente/etar-do-tamega-ponte-da-baia-amarante/etar-da-baia-amarante14/" class="wp-image-1222" srcset="https://www.eiblda.pt/wp-content/uploads/2019/07/Etar-da-Baia-Amarante14.jpg 2490w, https://www.eiblda.pt/wp-content/uploads/2019/07/Etar-da-Baia-Amarante14-750x301.jpg 750w" sizes="auto, (max-width: 2490px) 100vw, 2490px" /></figure></li><li class="blocks-gallery-item"><figure><img loading="lazy" decoding="async" width="2490" height="1000" src="http://www.eiblda.pt/new/wp-content/uploads/2019/07/Etar-da-Baia-Amarante03.jpg" alt="" data-id="1225" data-link="http://www.eiblda.pt/new/elbai/portefolio/meio-ambiente/etar-do-tamega-ponte-da-baia-amarante/etar-da-baia-amarante03/" class="wp-image-1225" srcset="https://www.eiblda.pt/wp-content/uploads/2019/07/Etar-da-Baia-Amarante03.jpg 2490w, https://www.eiblda.pt/wp-content/uploads/2019/07/Etar-da-Baia-Amarante03-750x301.jpg 750w" sizes="auto, (max-width: 2490px) 100vw, 2490px" /></figure></li><li class="blocks-gallery-item"><figure><img loading="lazy" decoding="async" width="2490" height="1000" src="http://www.eiblda.pt/new/wp-content/uploads/2019/07/Etar-da-Baia-Amarante10.jpg" alt="" data-id="1218" data-link="http://www.eiblda.pt/new/elbai/portefolio/meio-ambiente/etar-do-tamega-ponte-da-baia-amarante/etar-da-baia-amarante10/" class="wp-image-1218" srcset="https://www.eiblda.pt/wp-content/uploads/2019/07/Etar-da-Baia-Amarante10.jpg 2490w, https://www.eiblda.pt/wp-content/uploads/2019/07/Etar-da-Baia-Amarante10-750x301.jpg 750w" sizes="auto, (max-width: 2490px) 100vw, 2490px" /></figure></li><li class="blocks-gallery-item"><figure><img loading="lazy" decoding="async" width="2490" height="1000" src="http://www.eiblda.pt/new/wp-content/uploads/2019/07/Etar-da-Baia-Amarante11.jpg" alt="" data-id="1219" data-link="http://www.eiblda.pt/new/elbai/portefolio/meio-ambiente/etar-do-tamega-ponte-da-baia-amarante/etar-da-baia-amarante11/" class="wp-image-1219" srcset="https://www.eiblda.pt/wp-content/uploads/2019/07/Etar-da-Baia-Amarante11.jpg 2490w, https://www.eiblda.pt/wp-content/uploads/2019/07/Etar-da-Baia-Amarante11-750x301.jpg 750w" sizes="auto, (max-width: 2490px) 100vw, 2490px" /></figure></li><li class="blocks-gallery-item"><figure><img loading="lazy" decoding="async" width="2490" height="1000" src="http://www.eiblda.pt/new/wp-content/uploads/2019/07/Etar-da-Baia-Amarante12.jpg" alt="" data-id="1220" data-link="http://www.eiblda.pt/new/elbai/portefolio/meio-ambiente/etar-do-tamega-ponte-da-baia-amarante/etar-da-baia-amarante12/" class="wp-image-1220" srcset="https://www.eiblda.pt/wp-content/uploads/2019/07/Etar-da-Baia-Amarante12.jpg 2490w, https://www.eiblda.pt/wp-content/uploads/2019/07/Etar-da-Baia-Amarante12-750x301.jpg 750w" sizes="auto, (max-width: 2490px) 100vw, 2490px" /></figure></li><li class="blocks-gallery-item"><figure><img loading="lazy" decoding="async" width="2490" height="1000" src="http://www.eiblda.pt/new/wp-content/uploads/2019/07/Etar-da-Baia-Amarante13.jpg" alt="" data-id="1221" data-link="http://www.eiblda.pt/new/elbai/portefolio/meio-ambiente/etar-do-tamega-ponte-da-baia-amarante/etar-da-baia-amarante13/" class="wp-image-1221" srcset="https://www.eiblda.pt/wp-content/uploads/2019/07/Etar-da-Baia-Amarante13.jpg 2490w, https://www.eiblda.pt/wp-content/uploads/2019/07/Etar-da-Baia-Amarante13-750x301.jpg 750w" sizes="auto, (max-width: 2490px) 100vw, 2490px" /></figure></li><li class="blocks-gallery-item"><figure><img loading="lazy" decoding="async" width="2490" height="1000" src="http://www.eiblda.pt/new/wp-content/uploads/2019/07/Etar-da-Baia-Amarante01.jpg" alt="" data-id="1223" data-link="http://www.eiblda.pt/new/elbai/portefolio/meio-ambiente/etar-do-tamega-ponte-da-baia-amarante/etar-da-baia-amarante01/" class="wp-image-1223" srcset="https://www.eiblda.pt/wp-content/uploads/2019/07/Etar-da-Baia-Amarante01.jpg 2490w, https://www.eiblda.pt/wp-content/uploads/2019/07/Etar-da-Baia-Amarante01-750x301.jpg 750w" sizes="auto, (max-width: 2490px) 100vw, 2490px" /></figure></li><li class="blocks-gallery-item"><figure><img loading="lazy" decoding="async" width="2490" height="1000" src="http://www.eiblda.pt/new/wp-content/uploads/2019/07/Etar-da-Baia-Amarante04.jpg" alt="" data-id="1226" data-link="http://www.eiblda.pt/new/elbai/portefolio/meio-ambiente/etar-do-tamega-ponte-da-baia-amarante/etar-da-baia-amarante04/" class="wp-image-1226" srcset="https://www.eiblda.pt/wp-content/uploads/2019/07/Etar-da-Baia-Amarante04.jpg 2490w, https://www.eiblda.pt/wp-content/uploads/2019/07/Etar-da-Baia-Amarante04-750x301.jpg 750w" sizes="auto, (max-width: 2490px) 100vw, 2490px" /></figure></li><li class="blocks-gallery-item"><figure><img loading="lazy" decoding="async" width="2490" height="1000" src="http://www.eiblda.pt/new/wp-content/uploads/2019/07/Etar-da-Baia-Amarante05.jpg" alt="" data-id="1227" data-link="http://www.eiblda.pt/new/elbai/portefolio/meio-ambiente/etar-do-tamega-ponte-da-baia-amarante/etar-da-baia-amarante05/" class="wp-image-1227" srcset="https://www.eiblda.pt/wp-content/uploads/2019/07/Etar-da-Baia-Amarante05.jpg 2490w, https://www.eiblda.pt/wp-content/uploads/2019/07/Etar-da-Baia-Amarante05-750x301.jpg 750w" sizes="auto, (max-width: 2490px) 100vw, 2490px" /></figure></li></ul>



<p>“A Estação de Tratamento de Águas  Residuais (ETAR) do Tâmega / Ponte da Baia, implantada na freguesia de  Vila Caiz, no município de Amarante, é um dos muitos investimentos que a  empresa Águas do Noroeste, S.A. desenvolveu em parceria com o município  de Amarante, para solucionar, definitivamente, os problemas existentes  no saneamento de águas residuais.<br>A ETAR do Tâmega / Ponte da Baia  está integrada na Frente de Drenagem 14 e servirá 21 freguesias do  município de Amarante, quatro freguesias do município de Celorico de  Basto e cinco freguesias do município de Felgueiras.”</p>



<p></p>
