{"id":857,"date":"2019-07-10T22:38:53","date_gmt":"2019-07-10T22:38:53","guid":{"rendered":"http:\/\/www.eiblda.pt\/new\/?post_type=cptprodutoseib&#038;p=857"},"modified":"2025-02-21T15:13:08","modified_gmt":"2025-02-21T15:13:08","slug":"quadros-de-agrupar","status":"publish","type":"cptprodutoseib","link":"https:\/\/www.eiblda.pt\/en\/eib\/produtos\/quadros\/quadros-de-agrupar\/","title":{"rendered":"Quadros de Agrupar"},"content":{"rendered":"\n<figure class=\"wp-block-image\"><img loading=\"lazy\" decoding=\"async\" width=\"2490\" height=\"1000\" src=\"http:\/\/www.eiblda.pt\/new\/wp-content\/uploads\/2019\/07\/quadros-de-agrupar.jpg\" alt=\"\" class=\"wp-image-965\" srcset=\"https:\/\/www.eiblda.pt\/wp-content\/uploads\/2019\/07\/quadros-de-agrupar.jpg 2490w, https:\/\/www.eiblda.pt\/wp-content\/uploads\/2019\/07\/quadros-de-agrupar-750x301.jpg 750w\" sizes=\"auto, (max-width: 2490px) 100vw, 2490px\" \/><\/figure>\n\n\n<h2 class=\"wp-block-post-title\">Quadros de Agrupar<\/h2>\n\n\n<p>Os quadros de agrupar s\u00e3o quadros de  distribui\u00e7\u00e3o para grandes pot\u00eancias, utilizados em ETAR\u2019s, ETA\u2019s,  ambientes industriais, etc., que permitem ser agregados consoante o  projeto el\u00e9trico.<br>Os quadros de agrupar EIB podem ser equipados  ou n\u00e3o com material el\u00e9trico e possuir porta opaca ou transparente.  Pode, ainda, o seu interior ser equipado com espelhos opacos ou com  rasgos, comportando de 144 a 440 m\u00f3dulos.<br><br><strong>Caracter\u00edsticas: <\/strong><br>:: Constru\u00e7\u00e3o de acordo com EN 60529, EN 50102, EN 62208, com equival\u00eancia \u00e0 classe II de acordo com as RTIEBT;<br>:: Pintura epoxy poli\u00e9ster cinza claro RAL 7035 (cor standard);<br>:: Fabricados em chapa de a\u00e7o laminado a frio (material standard), a\u00e7o inox ou alum\u00ednio;<br>:: IP43 ou 54;<br>:: IK09; <\/p>\n","protected":false},"author":1,"featured_media":965,"parent":856,"menu_order":3,"comment_status":"closed","ping_status":"closed","template":"pages\/wp-produtoseib.php","class_list":["post-857","cptprodutoseib","type-cptprodutoseib","status-publish","has-post-thumbnail","hentry"],"_links":{"self":[{"href":"https:\/\/www.eiblda.pt\/en\/wp-json\/wp\/v2\/cptprodutoseib\/857","targetHints":{"allow":["GET"]}}],"collection":[{"href":"https:\/\/www.eiblda.pt\/en\/wp-json\/wp\/v2\/cptprodutoseib"}],"about":[{"href":"https:\/\/www.eiblda.pt\/en\/wp-json\/wp\/v2\/types\/cptprodutoseib"}],"author":[{"embeddable":true,"href":"https:\/\/www.eiblda.pt\/en\/wp-json\/wp\/v2\/users\/1"}],"replies":[{"embeddable":true,"href":"https:\/\/www.eiblda.pt\/en\/wp-json\/wp\/v2\/comments?post=857"}],"up":[{"embeddable":true,"href":"https:\/\/www.eiblda.pt\/en\/wp-json\/wp\/v2\/cptprodutoseib\/856"}],"wp:featuredmedia":[{"embeddable":true,"href":"https:\/\/www.eiblda.pt\/en\/wp-json\/wp\/v2\/media\/965"}],"wp:attachment":[{"href":"https:\/\/www.eiblda.pt\/en\/wp-json\/wp\/v2\/media?parent=857"}],"curies":[{"name":"wp","href":"https:\/\/api.w.org\/{rel}","templated":true}]}}

<figure class="wp-block-image"><img loading="lazy" decoding="async" width="2490" height="1000" src="http://www.eiblda.pt/new/wp-content/uploads/2019/07/quadros-de-agrupar.jpg" alt="" class="wp-image-965" srcset="https://www.eiblda.pt/wp-content/uploads/2019/07/quadros-de-agrupar.jpg 2490w, https://www.eiblda.pt/wp-content/uploads/2019/07/quadros-de-agrupar-750x301.jpg 750w" sizes="auto, (max-width: 2490px) 100vw, 2490px" /></figure>


<h2 class="wp-block-post-title">Quadros de Agrupar</h2>


<p>Os quadros de agrupar são quadros de  distribuição para grandes potências, utilizados em ETAR’s, ETA’s,  ambientes industriais, etc., que permitem ser agregados consoante o  projeto elétrico.<br>Os quadros de agrupar EIB podem ser equipados  ou não com material elétrico e possuir porta opaca ou transparente.  Pode, ainda, o seu interior ser equipado com espelhos opacos ou com  rasgos, comportando de 144 a 440 módulos.<br><br><strong>Características: </strong><br>:: Construção de acordo com EN 60529, EN 50102, EN 62208, com equivalência à classe II de acordo com as RTIEBT;<br>:: Pintura epoxy poliéster cinza claro RAL 7035 (cor standard);<br>:: Fabricados em chapa de aço laminado a frio (material standard), aço inox ou alumínio;<br>:: IP43 ou 54;<br>:: IK09; </p>
