{"id":394,"date":"2019-07-09T08:54:43","date_gmt":"2019-07-09T08:54:43","guid":{"rendered":"http:\/\/www.eiblda.pt\/new\/?post_type=cptportefolioelbai&#038;p=394"},"modified":"2019-07-19T22:55:30","modified_gmt":"2019-07-19T22:55:30","slug":"stand-peugeot-cardan-guimaraes","status":"publish","type":"cptportefolioelbai","link":"https:\/\/www.eiblda.pt\/en\/elbai\/portefolio\/transportes\/stand-peugeot-cardan-guimaraes\/","title":{"rendered":"Stand Peugeot Cardan (Guimar\u00e3es)"},"content":{"rendered":"\n<ul class=\"wp-block-gallery columns-3 is-cropped wp-block-gallery-1 is-layout-flex wp-block-gallery-is-layout-flex\"><li class=\"blocks-gallery-item\"><figure><img loading=\"lazy\" decoding=\"async\" width=\"2490\" height=\"1000\" src=\"http:\/\/www.eiblda.pt\/new\/wp-content\/uploads\/2019\/07\/cardan02.jpg\" alt=\"\" data-id=\"923\" data-link=\"http:\/\/www.eiblda.pt\/new\/elbai\/portefolio\/transportes\/stand-peugeot-cardan-guimaraes\/cardan02\/\" class=\"wp-image-923\" srcset=\"https:\/\/www.eiblda.pt\/wp-content\/uploads\/2019\/07\/cardan02.jpg 2490w, https:\/\/www.eiblda.pt\/wp-content\/uploads\/2019\/07\/cardan02-750x301.jpg 750w\" sizes=\"auto, (max-width: 2490px) 100vw, 2490px\" \/><\/figure><\/li><li class=\"blocks-gallery-item\"><figure><img loading=\"lazy\" decoding=\"async\" width=\"2490\" height=\"1000\" src=\"http:\/\/www.eiblda.pt\/new\/wp-content\/uploads\/2019\/07\/cardan03.jpg\" alt=\"\" data-id=\"914\" data-link=\"http:\/\/www.eiblda.pt\/new\/elbai\/portefolio\/transportes\/stand-peugeot-cardan-guimaraes\/cardan03\/\" class=\"wp-image-914\" srcset=\"https:\/\/www.eiblda.pt\/wp-content\/uploads\/2019\/07\/cardan03.jpg 2490w, https:\/\/www.eiblda.pt\/wp-content\/uploads\/2019\/07\/cardan03-750x301.jpg 750w\" sizes=\"auto, (max-width: 2490px) 100vw, 2490px\" \/><\/figure><\/li><li class=\"blocks-gallery-item\"><figure><img loading=\"lazy\" decoding=\"async\" width=\"2490\" height=\"1000\" src=\"http:\/\/www.eiblda.pt\/new\/wp-content\/uploads\/2019\/07\/cardan01.jpg\" alt=\"\" data-id=\"922\" data-link=\"http:\/\/www.eiblda.pt\/new\/elbai\/portefolio\/transportes\/stand-peugeot-cardan-guimaraes\/cardan01\/\" class=\"wp-image-922\" srcset=\"https:\/\/www.eiblda.pt\/wp-content\/uploads\/2019\/07\/cardan01.jpg 2490w, https:\/\/www.eiblda.pt\/wp-content\/uploads\/2019\/07\/cardan01-750x301.jpg 750w\" sizes=\"auto, (max-width: 2490px) 100vw, 2490px\" \/><\/figure><\/li><li class=\"blocks-gallery-item\"><figure><img loading=\"lazy\" decoding=\"async\" width=\"2490\" height=\"1000\" src=\"http:\/\/www.eiblda.pt\/new\/wp-content\/uploads\/2019\/07\/cardan04.jpg\" alt=\"\" data-id=\"915\" data-link=\"http:\/\/www.eiblda.pt\/new\/elbai\/portefolio\/transportes\/stand-peugeot-cardan-guimaraes\/cardan04\/\" class=\"wp-image-915\" srcset=\"https:\/\/www.eiblda.pt\/wp-content\/uploads\/2019\/07\/cardan04.jpg 2490w, https:\/\/www.eiblda.pt\/wp-content\/uploads\/2019\/07\/cardan04-750x301.jpg 750w\" sizes=\"auto, (max-width: 2490px) 100vw, 2490px\" \/><\/figure><\/li><li class=\"blocks-gallery-item\"><figure><img loading=\"lazy\" decoding=\"async\" width=\"2490\" height=\"1000\" src=\"http:\/\/www.eiblda.pt\/new\/wp-content\/uploads\/2019\/07\/cardan05.jpg\" alt=\"\" data-id=\"916\" data-link=\"http:\/\/www.eiblda.pt\/new\/elbai\/portefolio\/transportes\/stand-peugeot-cardan-guimaraes\/cardan05\/\" class=\"wp-image-916\" srcset=\"https:\/\/www.eiblda.pt\/wp-content\/uploads\/2019\/07\/cardan05.jpg 2490w, https:\/\/www.eiblda.pt\/wp-content\/uploads\/2019\/07\/cardan05-750x301.jpg 750w\" sizes=\"auto, (max-width: 2490px) 100vw, 2490px\" \/><\/figure><\/li><li class=\"blocks-gallery-item\"><figure><img loading=\"lazy\" decoding=\"async\" width=\"2490\" height=\"1000\" src=\"http:\/\/www.eiblda.pt\/new\/wp-content\/uploads\/2019\/07\/cardan06.jpg\" alt=\"\" data-id=\"917\" data-link=\"http:\/\/www.eiblda.pt\/new\/elbai\/portefolio\/transportes\/stand-peugeot-cardan-guimaraes\/cardan06\/\" class=\"wp-image-917\" srcset=\"https:\/\/www.eiblda.pt\/wp-content\/uploads\/2019\/07\/cardan06.jpg 2490w, https:\/\/www.eiblda.pt\/wp-content\/uploads\/2019\/07\/cardan06-750x301.jpg 750w\" sizes=\"auto, (max-width: 2490px) 100vw, 2490px\" \/><\/figure><\/li><li class=\"blocks-gallery-item\"><figure><img loading=\"lazy\" decoding=\"async\" width=\"2490\" height=\"1000\" src=\"http:\/\/www.eiblda.pt\/new\/wp-content\/uploads\/2019\/07\/cardan07.jpg\" alt=\"\" data-id=\"918\" data-link=\"http:\/\/www.eiblda.pt\/new\/elbai\/portefolio\/transportes\/stand-peugeot-cardan-guimaraes\/cardan07\/\" class=\"wp-image-918\" srcset=\"https:\/\/www.eiblda.pt\/wp-content\/uploads\/2019\/07\/cardan07.jpg 2490w, https:\/\/www.eiblda.pt\/wp-content\/uploads\/2019\/07\/cardan07-750x301.jpg 750w\" sizes=\"auto, (max-width: 2490px) 100vw, 2490px\" \/><\/figure><\/li><li class=\"blocks-gallery-item\"><figure><img loading=\"lazy\" decoding=\"async\" width=\"2490\" height=\"1000\" src=\"http:\/\/www.eiblda.pt\/new\/wp-content\/uploads\/2019\/07\/cardan08.jpg\" alt=\"\" data-id=\"919\" data-link=\"http:\/\/www.eiblda.pt\/new\/elbai\/portefolio\/transportes\/stand-peugeot-cardan-guimaraes\/cardan08\/\" class=\"wp-image-919\" srcset=\"https:\/\/www.eiblda.pt\/wp-content\/uploads\/2019\/07\/cardan08.jpg 2490w, https:\/\/www.eiblda.pt\/wp-content\/uploads\/2019\/07\/cardan08-750x301.jpg 750w\" sizes=\"auto, (max-width: 2490px) 100vw, 2490px\" \/><\/figure><\/li><li class=\"blocks-gallery-item\"><figure><img loading=\"lazy\" decoding=\"async\" width=\"2490\" height=\"1000\" src=\"http:\/\/www.eiblda.pt\/new\/wp-content\/uploads\/2019\/07\/cardan09.jpg\" alt=\"\" data-id=\"920\" data-link=\"http:\/\/www.eiblda.pt\/new\/elbai\/portefolio\/transportes\/stand-peugeot-cardan-guimaraes\/cardan09\/\" class=\"wp-image-920\" srcset=\"https:\/\/www.eiblda.pt\/wp-content\/uploads\/2019\/07\/cardan09.jpg 2490w, https:\/\/www.eiblda.pt\/wp-content\/uploads\/2019\/07\/cardan09-750x301.jpg 750w\" sizes=\"auto, (max-width: 2490px) 100vw, 2490px\" \/><\/figure><\/li><li class=\"blocks-gallery-item\"><figure><img loading=\"lazy\" decoding=\"async\" width=\"2490\" height=\"1000\" src=\"http:\/\/www.eiblda.pt\/new\/wp-content\/uploads\/2019\/07\/cardan10.jpg\" alt=\"\" data-id=\"921\" data-link=\"http:\/\/www.eiblda.pt\/new\/elbai\/portefolio\/transportes\/stand-peugeot-cardan-guimaraes\/cardan10\/\" class=\"wp-image-921\" srcset=\"https:\/\/www.eiblda.pt\/wp-content\/uploads\/2019\/07\/cardan10.jpg 2490w, https:\/\/www.eiblda.pt\/wp-content\/uploads\/2019\/07\/cardan10-750x301.jpg 750w\" sizes=\"auto, (max-width: 2490px) 100vw, 2490px\" \/><\/figure><\/li><\/ul>\n\n\n\n<p>&#8220;Nascido em 1734, Jean-Pierre Peugeot  est\u00e1 na origem da orienta\u00e7\u00e3o industrial da fam\u00edlia Peugeot. Desenvolveu  atividade na ind\u00fastria da tecelagem, tendo deixado aos seus herdeiros  uma tinturaria, uma f\u00e1brica de \u00f3leos e um moinho de cereais.<br>Foi em  1810 que Jean-Pierre II e Jean-Fr\u00e9d\u00e9ric, os dois filhos de Jean-Pierre  Peugeot, constitu\u00edram a empresa Peugeot Fr\u00e8res. Propriedade de  Jean-Fr\u00e9d\u00e9ric, o mo\u00ednho de cereais familiar foi transformado em fundi\u00e7\u00e3o  de a\u00e7o. Al\u00e9m do famoso moinho de caf\u00e9 criado em 1840, a fam\u00edlia Peugeot  inovou e desenvolveu as suas atividades industriais, tendo produzido  serras de fita, molas e arma\u00e7\u00f5es para guarda-chuvas. <br>Passados mais  de 200 anos, a marca Peugeot ainda \u00e9 sin\u00f3nimo de inova\u00e7\u00e3o e diversidade.  Inova\u00e7\u00e3o na \u00e1rea da viatura el\u00e9trica e dos motores h\u00edbridos com a  comercializa\u00e7\u00e3o do Peugeot iOn, em 2010, e do 3008 HYbrid4, em 2012.  Diversidade com atividades que levam a marca Peugeot a existir para al\u00e9m  do sector autom\u00f3vel: Peugeot Scooters, Peugeot Cycles e os moinhos de  pimenta Peugeot s\u00e3o tamb\u00e9m os estandartes da inova\u00e7\u00e3o e do luxo franc\u00eas  em todo o mundo.&#8221;<\/p>\n","protected":false},"author":1,"featured_media":922,"parent":229,"menu_order":43,"comment_status":"open","ping_status":"closed","template":"pages\/wp-portefolioelbai.php","class_list":["post-394","cptportefolioelbai","type-cptportefolioelbai","status-publish","has-post-thumbnail","hentry"],"_links":{"self":[{"href":"https:\/\/www.eiblda.pt\/en\/wp-json\/wp\/v2\/cptportefolioelbai\/394","targetHints":{"allow":["GET"]}}],"collection":[{"href":"https:\/\/www.eiblda.pt\/en\/wp-json\/wp\/v2\/cptportefolioelbai"}],"about":[{"href":"https:\/\/www.eiblda.pt\/en\/wp-json\/wp\/v2\/types\/cptportefolioelbai"}],"author":[{"embeddable":true,"href":"https:\/\/www.eiblda.pt\/en\/wp-json\/wp\/v2\/users\/1"}],"replies":[{"embeddable":true,"href":"https:\/\/www.eiblda.pt\/en\/wp-json\/wp\/v2\/comments?post=394"}],"up":[{"embeddable":true,"href":"https:\/\/www.eiblda.pt\/en\/wp-json\/wp\/v2\/cptportefolioelbai\/229"}],"wp:featuredmedia":[{"embeddable":true,"href":"https:\/\/www.eiblda.pt\/en\/wp-json\/wp\/v2\/media\/922"}],"wp:attachment":[{"href":"https:\/\/www.eiblda.pt\/en\/wp-json\/wp\/v2\/media?parent=394"}],"curies":[{"name":"wp","href":"https:\/\/api.w.org\/{rel}","templated":true}]}}

Stand Peugeot Cardan (Guimarães)

<ul class="wp-block-gallery columns-3 is-cropped wp-block-gallery-1 is-layout-flex wp-block-gallery-is-layout-flex"><li class="blocks-gallery-item"><figure><img loading="lazy" decoding="async" width="2490" height="1000" src="http://www.eiblda.pt/new/wp-content/uploads/2019/07/cardan02.jpg" alt="" data-id="923" data-link="http://www.eiblda.pt/new/elbai/portefolio/transportes/stand-peugeot-cardan-guimaraes/cardan02/" class="wp-image-923" srcset="https://www.eiblda.pt/wp-content/uploads/2019/07/cardan02.jpg 2490w, https://www.eiblda.pt/wp-content/uploads/2019/07/cardan02-750x301.jpg 750w" sizes="auto, (max-width: 2490px) 100vw, 2490px" /></figure></li><li class="blocks-gallery-item"><figure><img loading="lazy" decoding="async" width="2490" height="1000" src="http://www.eiblda.pt/new/wp-content/uploads/2019/07/cardan03.jpg" alt="" data-id="914" data-link="http://www.eiblda.pt/new/elbai/portefolio/transportes/stand-peugeot-cardan-guimaraes/cardan03/" class="wp-image-914" srcset="https://www.eiblda.pt/wp-content/uploads/2019/07/cardan03.jpg 2490w, https://www.eiblda.pt/wp-content/uploads/2019/07/cardan03-750x301.jpg 750w" sizes="auto, (max-width: 2490px) 100vw, 2490px" /></figure></li><li class="blocks-gallery-item"><figure><img loading="lazy" decoding="async" width="2490" height="1000" src="http://www.eiblda.pt/new/wp-content/uploads/2019/07/cardan01.jpg" alt="" data-id="922" data-link="http://www.eiblda.pt/new/elbai/portefolio/transportes/stand-peugeot-cardan-guimaraes/cardan01/" class="wp-image-922" srcset="https://www.eiblda.pt/wp-content/uploads/2019/07/cardan01.jpg 2490w, https://www.eiblda.pt/wp-content/uploads/2019/07/cardan01-750x301.jpg 750w" sizes="auto, (max-width: 2490px) 100vw, 2490px" /></figure></li><li class="blocks-gallery-item"><figure><img loading="lazy" decoding="async" width="2490" height="1000" src="http://www.eiblda.pt/new/wp-content/uploads/2019/07/cardan04.jpg" alt="" data-id="915" data-link="http://www.eiblda.pt/new/elbai/portefolio/transportes/stand-peugeot-cardan-guimaraes/cardan04/" class="wp-image-915" srcset="https://www.eiblda.pt/wp-content/uploads/2019/07/cardan04.jpg 2490w, https://www.eiblda.pt/wp-content/uploads/2019/07/cardan04-750x301.jpg 750w" sizes="auto, (max-width: 2490px) 100vw, 2490px" /></figure></li><li class="blocks-gallery-item"><figure><img loading="lazy" decoding="async" width="2490" height="1000" src="http://www.eiblda.pt/new/wp-content/uploads/2019/07/cardan05.jpg" alt="" data-id="916" data-link="http://www.eiblda.pt/new/elbai/portefolio/transportes/stand-peugeot-cardan-guimaraes/cardan05/" class="wp-image-916" srcset="https://www.eiblda.pt/wp-content/uploads/2019/07/cardan05.jpg 2490w, https://www.eiblda.pt/wp-content/uploads/2019/07/cardan05-750x301.jpg 750w" sizes="auto, (max-width: 2490px) 100vw, 2490px" /></figure></li><li class="blocks-gallery-item"><figure><img loading="lazy" decoding="async" width="2490" height="1000" src="http://www.eiblda.pt/new/wp-content/uploads/2019/07/cardan06.jpg" alt="" data-id="917" data-link="http://www.eiblda.pt/new/elbai/portefolio/transportes/stand-peugeot-cardan-guimaraes/cardan06/" class="wp-image-917" srcset="https://www.eiblda.pt/wp-content/uploads/2019/07/cardan06.jpg 2490w, https://www.eiblda.pt/wp-content/uploads/2019/07/cardan06-750x301.jpg 750w" sizes="auto, (max-width: 2490px) 100vw, 2490px" /></figure></li><li class="blocks-gallery-item"><figure><img loading="lazy" decoding="async" width="2490" height="1000" src="http://www.eiblda.pt/new/wp-content/uploads/2019/07/cardan07.jpg" alt="" data-id="918" data-link="http://www.eiblda.pt/new/elbai/portefolio/transportes/stand-peugeot-cardan-guimaraes/cardan07/" class="wp-image-918" srcset="https://www.eiblda.pt/wp-content/uploads/2019/07/cardan07.jpg 2490w, https://www.eiblda.pt/wp-content/uploads/2019/07/cardan07-750x301.jpg 750w" sizes="auto, (max-width: 2490px) 100vw, 2490px" /></figure></li><li class="blocks-gallery-item"><figure><img loading="lazy" decoding="async" width="2490" height="1000" src="http://www.eiblda.pt/new/wp-content/uploads/2019/07/cardan08.jpg" alt="" data-id="919" data-link="http://www.eiblda.pt/new/elbai/portefolio/transportes/stand-peugeot-cardan-guimaraes/cardan08/" class="wp-image-919" srcset="https://www.eiblda.pt/wp-content/uploads/2019/07/cardan08.jpg 2490w, https://www.eiblda.pt/wp-content/uploads/2019/07/cardan08-750x301.jpg 750w" sizes="auto, (max-width: 2490px) 100vw, 2490px" /></figure></li><li class="blocks-gallery-item"><figure><img loading="lazy" decoding="async" width="2490" height="1000" src="http://www.eiblda.pt/new/wp-content/uploads/2019/07/cardan09.jpg" alt="" data-id="920" data-link="http://www.eiblda.pt/new/elbai/portefolio/transportes/stand-peugeot-cardan-guimaraes/cardan09/" class="wp-image-920" srcset="https://www.eiblda.pt/wp-content/uploads/2019/07/cardan09.jpg 2490w, https://www.eiblda.pt/wp-content/uploads/2019/07/cardan09-750x301.jpg 750w" sizes="auto, (max-width: 2490px) 100vw, 2490px" /></figure></li><li class="blocks-gallery-item"><figure><img loading="lazy" decoding="async" width="2490" height="1000" src="http://www.eiblda.pt/new/wp-content/uploads/2019/07/cardan10.jpg" alt="" data-id="921" data-link="http://www.eiblda.pt/new/elbai/portefolio/transportes/stand-peugeot-cardan-guimaraes/cardan10/" class="wp-image-921" srcset="https://www.eiblda.pt/wp-content/uploads/2019/07/cardan10.jpg 2490w, https://www.eiblda.pt/wp-content/uploads/2019/07/cardan10-750x301.jpg 750w" sizes="auto, (max-width: 2490px) 100vw, 2490px" /></figure></li></ul>



<p>&#8220;Nascido em 1734, Jean-Pierre Peugeot  está na origem da orientação industrial da família Peugeot. Desenvolveu  atividade na indústria da tecelagem, tendo deixado aos seus herdeiros  uma tinturaria, uma fábrica de óleos e um moinho de cereais.<br>Foi em  1810 que Jean-Pierre II e Jean-Frédéric, os dois filhos de Jean-Pierre  Peugeot, constituíram a empresa Peugeot Frères. Propriedade de  Jean-Frédéric, o moínho de cereais familiar foi transformado em fundição  de aço. Além do famoso moinho de café criado em 1840, a família Peugeot  inovou e desenvolveu as suas atividades industriais, tendo produzido  serras de fita, molas e armações para guarda-chuvas. <br>Passados mais  de 200 anos, a marca Peugeot ainda é sinónimo de inovação e diversidade.  Inovação na área da viatura elétrica e dos motores híbridos com a  comercialização do Peugeot iOn, em 2010, e do 3008 HYbrid4, em 2012.  Diversidade com atividades que levam a marca Peugeot a existir para além  do sector automóvel: Peugeot Scooters, Peugeot Cycles e os moinhos de  pimenta Peugeot são também os estandartes da inovação e do luxo francês  em todo o mundo.&#8221;</p>
