{"id":361,"date":"2019-07-09T08:45:54","date_gmt":"2019-07-09T08:45:54","guid":{"rendered":"http:\/\/www.eiblda.pt\/new\/?post_type=cptportefolioelbai&#038;p=361"},"modified":"2019-08-05T19:08:38","modified_gmt":"2019-08-05T19:08:38","slug":"eta-de-santa-eufemia-de-prazins-guimaraes","status":"publish","type":"cptportefolioelbai","link":"https:\/\/www.eiblda.pt\/en\/elbai\/portefolio\/meio-ambiente\/eta-de-santa-eufemia-de-prazins-guimaraes\/","title":{"rendered":"ETA de Santa Euf\u00e9mia de Prazins (Guimar\u00e3es)"},"content":{"rendered":"\n<ul class=\"wp-block-gallery columns-3 is-cropped wp-block-gallery-1 is-layout-flex wp-block-gallery-is-layout-flex\"><li class=\"blocks-gallery-item\"><figure><img loading=\"lazy\" decoding=\"async\" width=\"2490\" height=\"1000\" src=\"http:\/\/www.eiblda.pt\/new\/wp-content\/uploads\/2019\/07\/EtaR-Prazins05.jpg\" alt=\"\" data-id=\"1198\" data-link=\"http:\/\/www.eiblda.pt\/new\/elbai\/portefolio\/meio-ambiente\/eta-de-santa-eufemia-de-prazins-guimaraes\/etar-prazins05\/\" class=\"wp-image-1198\" srcset=\"https:\/\/www.eiblda.pt\/wp-content\/uploads\/2019\/07\/EtaR-Prazins05.jpg 2490w, https:\/\/www.eiblda.pt\/wp-content\/uploads\/2019\/07\/EtaR-Prazins05-750x301.jpg 750w\" sizes=\"auto, (max-width: 2490px) 100vw, 2490px\" \/><\/figure><\/li><li class=\"blocks-gallery-item\"><figure><img loading=\"lazy\" decoding=\"async\" width=\"2490\" height=\"1000\" src=\"http:\/\/www.eiblda.pt\/new\/wp-content\/uploads\/2019\/07\/EtaR-Prazins07.jpg\" alt=\"\" data-id=\"1200\" data-link=\"http:\/\/www.eiblda.pt\/new\/elbai\/portefolio\/meio-ambiente\/eta-de-santa-eufemia-de-prazins-guimaraes\/etar-prazins07\/\" class=\"wp-image-1200\" srcset=\"https:\/\/www.eiblda.pt\/wp-content\/uploads\/2019\/07\/EtaR-Prazins07.jpg 2490w, https:\/\/www.eiblda.pt\/wp-content\/uploads\/2019\/07\/EtaR-Prazins07-750x301.jpg 750w\" sizes=\"auto, (max-width: 2490px) 100vw, 2490px\" \/><\/figure><\/li><li class=\"blocks-gallery-item\"><figure><img loading=\"lazy\" decoding=\"async\" width=\"2490\" height=\"1000\" src=\"http:\/\/www.eiblda.pt\/new\/wp-content\/uploads\/2019\/07\/EtaR-Prazins06.jpg\" alt=\"\" data-id=\"1199\" data-link=\"http:\/\/www.eiblda.pt\/new\/elbai\/portefolio\/meio-ambiente\/eta-de-santa-eufemia-de-prazins-guimaraes\/etar-prazins06\/\" class=\"wp-image-1199\" srcset=\"https:\/\/www.eiblda.pt\/wp-content\/uploads\/2019\/07\/EtaR-Prazins06.jpg 2490w, https:\/\/www.eiblda.pt\/wp-content\/uploads\/2019\/07\/EtaR-Prazins06-750x301.jpg 750w\" sizes=\"auto, (max-width: 2490px) 100vw, 2490px\" \/><\/figure><\/li><li class=\"blocks-gallery-item\"><figure><img loading=\"lazy\" decoding=\"async\" width=\"2490\" height=\"1000\" src=\"http:\/\/www.eiblda.pt\/new\/wp-content\/uploads\/2019\/07\/EtaR-Prazins04.jpg\" alt=\"\" data-id=\"1197\" data-link=\"http:\/\/www.eiblda.pt\/new\/elbai\/portefolio\/meio-ambiente\/eta-de-santa-eufemia-de-prazins-guimaraes\/etar-prazins04\/\" class=\"wp-image-1197\" srcset=\"https:\/\/www.eiblda.pt\/wp-content\/uploads\/2019\/07\/EtaR-Prazins04.jpg 2490w, https:\/\/www.eiblda.pt\/wp-content\/uploads\/2019\/07\/EtaR-Prazins04-750x301.jpg 750w\" sizes=\"auto, (max-width: 2490px) 100vw, 2490px\" \/><\/figure><\/li><li class=\"blocks-gallery-item\"><figure><img loading=\"lazy\" decoding=\"async\" width=\"2490\" height=\"1000\" src=\"http:\/\/www.eiblda.pt\/new\/wp-content\/uploads\/2019\/07\/EtaR-Prazins01.jpg\" alt=\"\" data-id=\"1194\" data-link=\"http:\/\/www.eiblda.pt\/new\/elbai\/portefolio\/meio-ambiente\/eta-de-santa-eufemia-de-prazins-guimaraes\/etar-prazins01\/\" class=\"wp-image-1194\" srcset=\"https:\/\/www.eiblda.pt\/wp-content\/uploads\/2019\/07\/EtaR-Prazins01.jpg 2490w, https:\/\/www.eiblda.pt\/wp-content\/uploads\/2019\/07\/EtaR-Prazins01-750x301.jpg 750w\" sizes=\"auto, (max-width: 2490px) 100vw, 2490px\" \/><\/figure><\/li><li class=\"blocks-gallery-item\"><figure><img loading=\"lazy\" decoding=\"async\" width=\"2490\" height=\"1000\" src=\"http:\/\/www.eiblda.pt\/new\/wp-content\/uploads\/2019\/07\/EtaR-Prazins02.jpg\" alt=\"\" data-id=\"1195\" data-link=\"http:\/\/www.eiblda.pt\/new\/elbai\/portefolio\/meio-ambiente\/eta-de-santa-eufemia-de-prazins-guimaraes\/etar-prazins02\/\" class=\"wp-image-1195\" srcset=\"https:\/\/www.eiblda.pt\/wp-content\/uploads\/2019\/07\/EtaR-Prazins02.jpg 2490w, https:\/\/www.eiblda.pt\/wp-content\/uploads\/2019\/07\/EtaR-Prazins02-750x301.jpg 750w\" sizes=\"auto, (max-width: 2490px) 100vw, 2490px\" \/><\/figure><\/li><li class=\"blocks-gallery-item\"><figure><img loading=\"lazy\" decoding=\"async\" width=\"2490\" height=\"1000\" src=\"http:\/\/www.eiblda.pt\/new\/wp-content\/uploads\/2019\/07\/EtaR-Prazins03.jpg\" alt=\"\" data-id=\"1196\" data-link=\"http:\/\/www.eiblda.pt\/new\/elbai\/portefolio\/meio-ambiente\/eta-de-santa-eufemia-de-prazins-guimaraes\/etar-prazins03\/\" class=\"wp-image-1196\" srcset=\"https:\/\/www.eiblda.pt\/wp-content\/uploads\/2019\/07\/EtaR-Prazins03.jpg 2490w, https:\/\/www.eiblda.pt\/wp-content\/uploads\/2019\/07\/EtaR-Prazins03-750x301.jpg 750w\" sizes=\"auto, (max-width: 2490px) 100vw, 2490px\" \/><\/figure><\/li><\/ul>\n\n\n\n<p>\u201cA Esta\u00e7\u00e3o de Tratamento de \u00c1gua  (ETA) de Santa Euf\u00e9mia de Prazins assegura o fornecimento de \u00e1gua  cristalina para os concelhos que abrange, nas pr\u00f3ximas d\u00e9cadas. Trata-se  de um investimento em tecnologia de vanguarda que permitir\u00e1 uma  qualidade de \u00e1gua de excel\u00eancia, absolutamente intoc\u00e1vel e independente  da qualidade de \u00e1gua bruta do Rio Ave.<br>O processo de tratamento da  \u00e1gua ser\u00e1 executado atrav\u00e9s de separa\u00e7\u00e3o de membranas, como a  ultrafiltra\u00e7\u00e3o, oferecendo uma qualidade superior da \u00e1gua tratada,  atrav\u00e9s da remo\u00e7\u00e3o de macromol\u00e9culas, bact\u00e9rias e v\u00edrus, designadamente  de micro-organismos resistentes aos tratamentos qu\u00edmicos como cloragem e  ozoniza\u00e7\u00e3o, com menor utiliza\u00e7\u00e3o de qu\u00edmicos, evitando assim efeitos  nefastos na sa\u00fade p\u00fablica.\u201d<\/p>\n","protected":false},"author":1,"featured_media":1198,"parent":228,"menu_order":34,"comment_status":"open","ping_status":"closed","template":"pages\/wp-portefolioelbai.php","class_list":["post-361","cptportefolioelbai","type-cptportefolioelbai","status-publish","has-post-thumbnail","hentry"],"_links":{"self":[{"href":"https:\/\/www.eiblda.pt\/en\/wp-json\/wp\/v2\/cptportefolioelbai\/361","targetHints":{"allow":["GET"]}}],"collection":[{"href":"https:\/\/www.eiblda.pt\/en\/wp-json\/wp\/v2\/cptportefolioelbai"}],"about":[{"href":"https:\/\/www.eiblda.pt\/en\/wp-json\/wp\/v2\/types\/cptportefolioelbai"}],"author":[{"embeddable":true,"href":"https:\/\/www.eiblda.pt\/en\/wp-json\/wp\/v2\/users\/1"}],"replies":[{"embeddable":true,"href":"https:\/\/www.eiblda.pt\/en\/wp-json\/wp\/v2\/comments?post=361"}],"up":[{"embeddable":true,"href":"https:\/\/www.eiblda.pt\/en\/wp-json\/wp\/v2\/cptportefolioelbai\/228"}],"wp:featuredmedia":[{"embeddable":true,"href":"https:\/\/www.eiblda.pt\/en\/wp-json\/wp\/v2\/media\/1198"}],"wp:attachment":[{"href":"https:\/\/www.eiblda.pt\/en\/wp-json\/wp\/v2\/media?parent=361"}],"curies":[{"name":"wp","href":"https:\/\/api.w.org\/{rel}","templated":true}]}}

ETA de Santa Eufémia de Prazins (Guimarães)

<ul class="wp-block-gallery columns-3 is-cropped wp-block-gallery-1 is-layout-flex wp-block-gallery-is-layout-flex"><li class="blocks-gallery-item"><figure><img loading="lazy" decoding="async" width="2490" height="1000" src="http://www.eiblda.pt/new/wp-content/uploads/2019/07/EtaR-Prazins05.jpg" alt="" data-id="1198" data-link="http://www.eiblda.pt/new/elbai/portefolio/meio-ambiente/eta-de-santa-eufemia-de-prazins-guimaraes/etar-prazins05/" class="wp-image-1198" srcset="https://www.eiblda.pt/wp-content/uploads/2019/07/EtaR-Prazins05.jpg 2490w, https://www.eiblda.pt/wp-content/uploads/2019/07/EtaR-Prazins05-750x301.jpg 750w" sizes="auto, (max-width: 2490px) 100vw, 2490px" /></figure></li><li class="blocks-gallery-item"><figure><img loading="lazy" decoding="async" width="2490" height="1000" src="http://www.eiblda.pt/new/wp-content/uploads/2019/07/EtaR-Prazins07.jpg" alt="" data-id="1200" data-link="http://www.eiblda.pt/new/elbai/portefolio/meio-ambiente/eta-de-santa-eufemia-de-prazins-guimaraes/etar-prazins07/" class="wp-image-1200" srcset="https://www.eiblda.pt/wp-content/uploads/2019/07/EtaR-Prazins07.jpg 2490w, https://www.eiblda.pt/wp-content/uploads/2019/07/EtaR-Prazins07-750x301.jpg 750w" sizes="auto, (max-width: 2490px) 100vw, 2490px" /></figure></li><li class="blocks-gallery-item"><figure><img loading="lazy" decoding="async" width="2490" height="1000" src="http://www.eiblda.pt/new/wp-content/uploads/2019/07/EtaR-Prazins06.jpg" alt="" data-id="1199" data-link="http://www.eiblda.pt/new/elbai/portefolio/meio-ambiente/eta-de-santa-eufemia-de-prazins-guimaraes/etar-prazins06/" class="wp-image-1199" srcset="https://www.eiblda.pt/wp-content/uploads/2019/07/EtaR-Prazins06.jpg 2490w, https://www.eiblda.pt/wp-content/uploads/2019/07/EtaR-Prazins06-750x301.jpg 750w" sizes="auto, (max-width: 2490px) 100vw, 2490px" /></figure></li><li class="blocks-gallery-item"><figure><img loading="lazy" decoding="async" width="2490" height="1000" src="http://www.eiblda.pt/new/wp-content/uploads/2019/07/EtaR-Prazins04.jpg" alt="" data-id="1197" data-link="http://www.eiblda.pt/new/elbai/portefolio/meio-ambiente/eta-de-santa-eufemia-de-prazins-guimaraes/etar-prazins04/" class="wp-image-1197" srcset="https://www.eiblda.pt/wp-content/uploads/2019/07/EtaR-Prazins04.jpg 2490w, https://www.eiblda.pt/wp-content/uploads/2019/07/EtaR-Prazins04-750x301.jpg 750w" sizes="auto, (max-width: 2490px) 100vw, 2490px" /></figure></li><li class="blocks-gallery-item"><figure><img loading="lazy" decoding="async" width="2490" height="1000" src="http://www.eiblda.pt/new/wp-content/uploads/2019/07/EtaR-Prazins01.jpg" alt="" data-id="1194" data-link="http://www.eiblda.pt/new/elbai/portefolio/meio-ambiente/eta-de-santa-eufemia-de-prazins-guimaraes/etar-prazins01/" class="wp-image-1194" srcset="https://www.eiblda.pt/wp-content/uploads/2019/07/EtaR-Prazins01.jpg 2490w, https://www.eiblda.pt/wp-content/uploads/2019/07/EtaR-Prazins01-750x301.jpg 750w" sizes="auto, (max-width: 2490px) 100vw, 2490px" /></figure></li><li class="blocks-gallery-item"><figure><img loading="lazy" decoding="async" width="2490" height="1000" src="http://www.eiblda.pt/new/wp-content/uploads/2019/07/EtaR-Prazins02.jpg" alt="" data-id="1195" data-link="http://www.eiblda.pt/new/elbai/portefolio/meio-ambiente/eta-de-santa-eufemia-de-prazins-guimaraes/etar-prazins02/" class="wp-image-1195" srcset="https://www.eiblda.pt/wp-content/uploads/2019/07/EtaR-Prazins02.jpg 2490w, https://www.eiblda.pt/wp-content/uploads/2019/07/EtaR-Prazins02-750x301.jpg 750w" sizes="auto, (max-width: 2490px) 100vw, 2490px" /></figure></li><li class="blocks-gallery-item"><figure><img loading="lazy" decoding="async" width="2490" height="1000" src="http://www.eiblda.pt/new/wp-content/uploads/2019/07/EtaR-Prazins03.jpg" alt="" data-id="1196" data-link="http://www.eiblda.pt/new/elbai/portefolio/meio-ambiente/eta-de-santa-eufemia-de-prazins-guimaraes/etar-prazins03/" class="wp-image-1196" srcset="https://www.eiblda.pt/wp-content/uploads/2019/07/EtaR-Prazins03.jpg 2490w, https://www.eiblda.pt/wp-content/uploads/2019/07/EtaR-Prazins03-750x301.jpg 750w" sizes="auto, (max-width: 2490px) 100vw, 2490px" /></figure></li></ul>



<p>“A Estação de Tratamento de Água  (ETA) de Santa Eufémia de Prazins assegura o fornecimento de água  cristalina para os concelhos que abrange, nas próximas décadas. Trata-se  de um investimento em tecnologia de vanguarda que permitirá uma  qualidade de água de excelência, absolutamente intocável e independente  da qualidade de água bruta do Rio Ave.<br>O processo de tratamento da  água será executado através de separação de membranas, como a  ultrafiltração, oferecendo uma qualidade superior da água tratada,  através da remoção de macromoléculas, bactérias e vírus, designadamente  de micro-organismos resistentes aos tratamentos químicos como cloragem e  ozonização, com menor utilização de químicos, evitando assim efeitos  nefastos na saúde pública.”</p>
