{"id":249,"date":"2019-07-05T09:03:41","date_gmt":"2019-07-05T09:03:41","guid":{"rendered":"http:\/\/www.eiblda.pt\/new\/?post_type=cptportefolioelbai&#038;p=249"},"modified":"2022-08-04T09:10:52","modified_gmt":"2022-08-04T09:10:52","slug":"escola-agricola-conde-de-s-bento","status":"publish","type":"cptportefolioelbai","link":"https:\/\/www.eiblda.pt\/en\/elbai\/portefolio\/educacao\/escola-agricola-conde-de-s-bento\/","title":{"rendered":"Escola Agr\u00edcola Conde de S. Bento (Santo Tirso)"},"content":{"rendered":"\n<figure class=\"wp-block-gallery has-nested-images columns-default is-cropped wp-block-gallery-1 is-layout-flex wp-block-gallery-is-layout-flex\">\n<figure class=\"wp-block-image\"><img loading=\"lazy\" decoding=\"async\" width=\"2490\" height=\"1000\" data-id=\"1585\" src=\"https:\/\/www.eiblda.pt\/wp-content\/uploads\/2019\/07\/Escola-Conde-S.-Bento-07.jpg\" alt=\"\" class=\"wp-image-1585\" srcset=\"https:\/\/www.eiblda.pt\/wp-content\/uploads\/2019\/07\/Escola-Conde-S.-Bento-07.jpg 2490w, https:\/\/www.eiblda.pt\/wp-content\/uploads\/2019\/07\/Escola-Conde-S.-Bento-07-750x301.jpg 750w\" sizes=\"auto, (max-width: 2490px) 100vw, 2490px\" \/><\/figure>\n\n\n\n<figure class=\"wp-block-image\"><img loading=\"lazy\" decoding=\"async\" width=\"2490\" height=\"1000\" data-id=\"1580\" src=\"https:\/\/www.eiblda.pt\/wp-content\/uploads\/2019\/07\/Escola-Conde-S.-Bento-02.jpg\" alt=\"\" class=\"wp-image-1580\" srcset=\"https:\/\/www.eiblda.pt\/wp-content\/uploads\/2019\/07\/Escola-Conde-S.-Bento-02.jpg 2490w, https:\/\/www.eiblda.pt\/wp-content\/uploads\/2019\/07\/Escola-Conde-S.-Bento-02-750x301.jpg 750w\" sizes=\"auto, (max-width: 2490px) 100vw, 2490px\" \/><\/figure>\n\n\n\n<figure class=\"wp-block-image\"><img loading=\"lazy\" decoding=\"async\" width=\"2490\" height=\"1000\" data-id=\"1581\" src=\"https:\/\/www.eiblda.pt\/wp-content\/uploads\/2019\/07\/Escola-Conde-S.-Bento-03.jpg\" alt=\"\" class=\"wp-image-1581\" srcset=\"https:\/\/www.eiblda.pt\/wp-content\/uploads\/2019\/07\/Escola-Conde-S.-Bento-03.jpg 2490w, https:\/\/www.eiblda.pt\/wp-content\/uploads\/2019\/07\/Escola-Conde-S.-Bento-03-750x301.jpg 750w\" sizes=\"auto, (max-width: 2490px) 100vw, 2490px\" \/><\/figure>\n\n\n\n<figure class=\"wp-block-image\"><img loading=\"lazy\" decoding=\"async\" width=\"2490\" height=\"1000\" data-id=\"1582\" src=\"https:\/\/www.eiblda.pt\/wp-content\/uploads\/2019\/07\/Escola-Conde-S.-Bento-04.jpg\" alt=\"\" class=\"wp-image-1582\" srcset=\"https:\/\/www.eiblda.pt\/wp-content\/uploads\/2019\/07\/Escola-Conde-S.-Bento-04.jpg 2490w, https:\/\/www.eiblda.pt\/wp-content\/uploads\/2019\/07\/Escola-Conde-S.-Bento-04-750x301.jpg 750w\" sizes=\"auto, (max-width: 2490px) 100vw, 2490px\" \/><\/figure>\n\n\n\n<figure class=\"wp-block-image\"><img loading=\"lazy\" decoding=\"async\" width=\"2490\" height=\"1000\" data-id=\"1583\" src=\"https:\/\/www.eiblda.pt\/wp-content\/uploads\/2019\/07\/Escola-Conde-S.-Bento-05.jpg\" alt=\"\" class=\"wp-image-1583\" srcset=\"https:\/\/www.eiblda.pt\/wp-content\/uploads\/2019\/07\/Escola-Conde-S.-Bento-05.jpg 2490w, https:\/\/www.eiblda.pt\/wp-content\/uploads\/2019\/07\/Escola-Conde-S.-Bento-05-750x301.jpg 750w\" sizes=\"auto, (max-width: 2490px) 100vw, 2490px\" \/><\/figure>\n\n\n\n<figure class=\"wp-block-image\"><img loading=\"lazy\" decoding=\"async\" width=\"2490\" height=\"1000\" data-id=\"1584\" src=\"https:\/\/www.eiblda.pt\/wp-content\/uploads\/2019\/07\/Escola-Conde-S.-Bento-06.jpg\" alt=\"\" class=\"wp-image-1584\" srcset=\"https:\/\/www.eiblda.pt\/wp-content\/uploads\/2019\/07\/Escola-Conde-S.-Bento-06.jpg 2490w, https:\/\/www.eiblda.pt\/wp-content\/uploads\/2019\/07\/Escola-Conde-S.-Bento-06-750x301.jpg 750w\" sizes=\"auto, (max-width: 2490px) 100vw, 2490px\" \/><\/figure>\n\n\n\n<figure class=\"wp-block-image\"><img loading=\"lazy\" decoding=\"async\" width=\"2490\" height=\"1000\" data-id=\"1586\" src=\"https:\/\/www.eiblda.pt\/wp-content\/uploads\/2019\/07\/Escola-Conde-S.-Bento-08.jpg\" alt=\"\" class=\"wp-image-1586\" srcset=\"https:\/\/www.eiblda.pt\/wp-content\/uploads\/2019\/07\/Escola-Conde-S.-Bento-08.jpg 2490w, https:\/\/www.eiblda.pt\/wp-content\/uploads\/2019\/07\/Escola-Conde-S.-Bento-08-750x301.jpg 750w\" sizes=\"auto, (max-width: 2490px) 100vw, 2490px\" \/><\/figure>\n<\/figure>\n\n\n<h2 class=\"wp-block-post-title\">Escola Agr\u00edcola Conde de S. Bento (Santo Tirso)<\/h2>\n\n\n<p>\u201cAs escolas s\u00e3o todas iguais, mas tamb\u00e9m  todas diferentes. Umas mais do que outras. A Escola Agr\u00edcola Conde de  S. Bento \u00e9 diferente porque \u00e9 AGR\u00cdCOLA e ser agr\u00edcola comporta uma  m\u00edstica que s\u00f3 quem teve o privil\u00e9gio de por aqui ter passado pode  compreender.<br>A Empreitada visou a recupera\u00e7\u00e3o dos dois edif\u00edcios da  Quinta de Fora para amplia\u00e7\u00e3o das instala\u00e7\u00f5es da Escola Agr\u00edcola Conde  de S. Bento de Santo Tirso. As novas val\u00eancias distribuem-se pelos dois  edif\u00edcios, &#8220;Casa&#8221; e &#8220;Sequeiro&#8221;. O edif\u00edcio da \u201cCasa\u201d alberga a escola de  hotelaria com uma cozinha e um bar de forma\u00e7\u00e3o no piso t\u00e9rreo e quartos  de dormir no primeiro piso, e o \u201cSequeiro\u201d \u00e9 adaptado a audit\u00f3rio, sala  de exposi\u00e7\u00f5es e centro de interpreta\u00e7\u00e3o ambiental, foi efetuada tamb\u00e9m a  qualifica\u00e7\u00e3o de uma pequena habita\u00e7\u00e3o tipologia T2, para o guarda do  complexo e da quinta. A parte p\u00fablica e a privada do edif\u00edcio t\u00eam  naturalmente serventias pr\u00f3prias e entradas independentes.\u201d <\/p>\n","protected":false},"author":1,"featured_media":1658,"parent":222,"menu_order":10,"comment_status":"open","ping_status":"closed","template":"pages\/wp-portefolioelbai.php","class_list":["post-249","cptportefolioelbai","type-cptportefolioelbai","status-publish","has-post-thumbnail","hentry"],"_links":{"self":[{"href":"https:\/\/www.eiblda.pt\/en\/wp-json\/wp\/v2\/cptportefolioelbai\/249","targetHints":{"allow":["GET"]}}],"collection":[{"href":"https:\/\/www.eiblda.pt\/en\/wp-json\/wp\/v2\/cptportefolioelbai"}],"about":[{"href":"https:\/\/www.eiblda.pt\/en\/wp-json\/wp\/v2\/types\/cptportefolioelbai"}],"author":[{"embeddable":true,"href":"https:\/\/www.eiblda.pt\/en\/wp-json\/wp\/v2\/users\/1"}],"replies":[{"embeddable":true,"href":"https:\/\/www.eiblda.pt\/en\/wp-json\/wp\/v2\/comments?post=249"}],"up":[{"embeddable":true,"href":"https:\/\/www.eiblda.pt\/en\/wp-json\/wp\/v2\/cptportefolioelbai\/222"}],"wp:featuredmedia":[{"embeddable":true,"href":"https:\/\/www.eiblda.pt\/en\/wp-json\/wp\/v2\/media\/1658"}],"wp:attachment":[{"href":"https:\/\/www.eiblda.pt\/en\/wp-json\/wp\/v2\/media?parent=249"}],"curies":[{"name":"wp","href":"https:\/\/api.w.org\/{rel}","templated":true}]}}

Escola Agrícola Conde de S. Bento (Santo Tirso)

<figure class="wp-block-gallery has-nested-images columns-default is-cropped wp-block-gallery-1 is-layout-flex wp-block-gallery-is-layout-flex">
<figure class="wp-block-image"><img loading="lazy" decoding="async" width="2490" height="1000" data-id="1585" src="https://www.eiblda.pt/wp-content/uploads/2019/07/Escola-Conde-S.-Bento-07.jpg" alt="" class="wp-image-1585" srcset="https://www.eiblda.pt/wp-content/uploads/2019/07/Escola-Conde-S.-Bento-07.jpg 2490w, https://www.eiblda.pt/wp-content/uploads/2019/07/Escola-Conde-S.-Bento-07-750x301.jpg 750w" sizes="auto, (max-width: 2490px) 100vw, 2490px" /></figure>



<figure class="wp-block-image"><img loading="lazy" decoding="async" width="2490" height="1000" data-id="1580" src="https://www.eiblda.pt/wp-content/uploads/2019/07/Escola-Conde-S.-Bento-02.jpg" alt="" class="wp-image-1580" srcset="https://www.eiblda.pt/wp-content/uploads/2019/07/Escola-Conde-S.-Bento-02.jpg 2490w, https://www.eiblda.pt/wp-content/uploads/2019/07/Escola-Conde-S.-Bento-02-750x301.jpg 750w" sizes="auto, (max-width: 2490px) 100vw, 2490px" /></figure>



<figure class="wp-block-image"><img loading="lazy" decoding="async" width="2490" height="1000" data-id="1581" src="https://www.eiblda.pt/wp-content/uploads/2019/07/Escola-Conde-S.-Bento-03.jpg" alt="" class="wp-image-1581" srcset="https://www.eiblda.pt/wp-content/uploads/2019/07/Escola-Conde-S.-Bento-03.jpg 2490w, https://www.eiblda.pt/wp-content/uploads/2019/07/Escola-Conde-S.-Bento-03-750x301.jpg 750w" sizes="auto, (max-width: 2490px) 100vw, 2490px" /></figure>



<figure class="wp-block-image"><img loading="lazy" decoding="async" width="2490" height="1000" data-id="1582" src="https://www.eiblda.pt/wp-content/uploads/2019/07/Escola-Conde-S.-Bento-04.jpg" alt="" class="wp-image-1582" srcset="https://www.eiblda.pt/wp-content/uploads/2019/07/Escola-Conde-S.-Bento-04.jpg 2490w, https://www.eiblda.pt/wp-content/uploads/2019/07/Escola-Conde-S.-Bento-04-750x301.jpg 750w" sizes="auto, (max-width: 2490px) 100vw, 2490px" /></figure>



<figure class="wp-block-image"><img loading="lazy" decoding="async" width="2490" height="1000" data-id="1583" src="https://www.eiblda.pt/wp-content/uploads/2019/07/Escola-Conde-S.-Bento-05.jpg" alt="" class="wp-image-1583" srcset="https://www.eiblda.pt/wp-content/uploads/2019/07/Escola-Conde-S.-Bento-05.jpg 2490w, https://www.eiblda.pt/wp-content/uploads/2019/07/Escola-Conde-S.-Bento-05-750x301.jpg 750w" sizes="auto, (max-width: 2490px) 100vw, 2490px" /></figure>



<figure class="wp-block-image"><img loading="lazy" decoding="async" width="2490" height="1000" data-id="1584" src="https://www.eiblda.pt/wp-content/uploads/2019/07/Escola-Conde-S.-Bento-06.jpg" alt="" class="wp-image-1584" srcset="https://www.eiblda.pt/wp-content/uploads/2019/07/Escola-Conde-S.-Bento-06.jpg 2490w, https://www.eiblda.pt/wp-content/uploads/2019/07/Escola-Conde-S.-Bento-06-750x301.jpg 750w" sizes="auto, (max-width: 2490px) 100vw, 2490px" /></figure>



<figure class="wp-block-image"><img loading="lazy" decoding="async" width="2490" height="1000" data-id="1586" src="https://www.eiblda.pt/wp-content/uploads/2019/07/Escola-Conde-S.-Bento-08.jpg" alt="" class="wp-image-1586" srcset="https://www.eiblda.pt/wp-content/uploads/2019/07/Escola-Conde-S.-Bento-08.jpg 2490w, https://www.eiblda.pt/wp-content/uploads/2019/07/Escola-Conde-S.-Bento-08-750x301.jpg 750w" sizes="auto, (max-width: 2490px) 100vw, 2490px" /></figure>
</figure>


<h2 class="wp-block-post-title">Escola Agrícola Conde de S. Bento (Santo Tirso)</h2>


<p>“As escolas são todas iguais, mas também  todas diferentes. Umas mais do que outras. A Escola Agrícola Conde de  S. Bento é diferente porque é AGRÍCOLA e ser agrícola comporta uma  mística que só quem teve o privilégio de por aqui ter passado pode  compreender.<br>A Empreitada visou a recuperação dos dois edifícios da  Quinta de Fora para ampliação das instalações da Escola Agrícola Conde  de S. Bento de Santo Tirso. As novas valências distribuem-se pelos dois  edifícios, &#8220;Casa&#8221; e &#8220;Sequeiro&#8221;. O edifício da “Casa” alberga a escola de  hotelaria com uma cozinha e um bar de formação no piso térreo e quartos  de dormir no primeiro piso, e o “Sequeiro” é adaptado a auditório, sala  de exposições e centro de interpretação ambiental, foi efetuada também a  qualificação de uma pequena habitação tipologia T2, para o guarda do  complexo e da quinta. A parte pública e a privada do edifício têm  naturalmente serventias próprias e entradas independentes.” </p>
