{"id":229,"date":"2019-07-04T17:28:12","date_gmt":"2019-07-04T17:28:12","guid":{"rendered":"http:\/\/www.eiblda.pt\/new\/?post_type=cptportefolioelbai&#038;p=229"},"modified":"2019-09-12T10:15:12","modified_gmt":"2019-09-12T10:15:12","slug":"transportes","status":"publish","type":"cptportefolioelbai","link":"https:\/\/www.eiblda.pt\/en\/elbai\/portefolio\/transportes\/","title":{"rendered":"Transportes"},"content":{"rendered":"\n<p>Aeroporto Francisco S\u00e1 Carneiro &#8211; Porto; Stand Peugeot &#8211; Guimar\u00e3es; Parque estacionamento MBO (Perafita); Nova Esta\u00e7\u00e3o Ferrovi\u00e1ria de Aveiro; Esta\u00e7\u00e3o Servi\u00e7o Cepsa &#8211; Barcelos; Stand Opel &#8211; Guimar\u00e3es; Stand Opel &#8211; Famalic\u00e3o; <\/p>\n","protected":false},"author":1,"featured_media":1555,"parent":0,"menu_order":40,"comment_status":"open","ping_status":"closed","template":"pages\/wp-portefolioelbai.php","class_list":["post-229","cptportefolioelbai","type-cptportefolioelbai","status-publish","has-post-thumbnail","hentry"],"_links":{"self":[{"href":"https:\/\/www.eiblda.pt\/en\/wp-json\/wp\/v2\/cptportefolioelbai\/229","targetHints":{"allow":["GET"]}}],"collection":[{"href":"https:\/\/www.eiblda.pt\/en\/wp-json\/wp\/v2\/cptportefolioelbai"}],"about":[{"href":"https:\/\/www.eiblda.pt\/en\/wp-json\/wp\/v2\/types\/cptportefolioelbai"}],"author":[{"embeddable":true,"href":"https:\/\/www.eiblda.pt\/en\/wp-json\/wp\/v2\/users\/1"}],"replies":[{"embeddable":true,"href":"https:\/\/www.eiblda.pt\/en\/wp-json\/wp\/v2\/comments?post=229"}],"wp:featuredmedia":[{"embeddable":true,"href":"https:\/\/www.eiblda.pt\/en\/wp-json\/wp\/v2\/media\/1555"}],"wp:attachment":[{"href":"https:\/\/www.eiblda.pt\/en\/wp-json\/wp\/v2\/media?parent=229"}],"curies":[{"name":"wp","href":"https:\/\/api.w.org\/{rel}","templated":true}]}}

<p>Aeroporto Francisco Sá Carneiro &#8211; Porto; Stand Peugeot &#8211; Guimarães; Parque estacionamento MBO (Perafita); Nova Estação Ferroviária de Aveiro; Estação Serviço Cepsa &#8211; Barcelos; Stand Opel &#8211; Guimarães; Stand Opel &#8211; Famalicão; </p>
