{"id":228,"date":"2019-07-04T17:27:58","date_gmt":"2019-07-04T17:27:58","guid":{"rendered":"http:\/\/www.eiblda.pt\/new\/?post_type=cptportefolioelbai&#038;p=228"},"modified":"2019-09-16T15:23:09","modified_gmt":"2019-09-16T15:23:09","slug":"meio-ambiente","status":"publish","type":"cptportefolioelbai","link":"https:\/\/www.eiblda.pt\/en\/elbai\/portefolio\/meio-ambiente\/","title":{"rendered":"Meio ambiente"},"content":{"rendered":"\n<p>Barragem Foz do Tua &#8211; Tua; ETAR Ponte da Baia &#8211; Amarante; ETAR Rabada (Remodela\u00e7\u00e3o) &#8211; Santo Tirso; Esta\u00e7\u00e3o Elevat\u00f3ria das Taipas; ETAR do Douro &#8211; Marco de Canaveses; ETAR do T\u00e2mega &#8211; Marco de Canaveses; Reservat\u00f3rio de \u00c1gua de Pa\u00e7os de Ferreira<\/p>\n","protected":false},"author":1,"featured_media":1651,"parent":0,"menu_order":31,"comment_status":"open","ping_status":"closed","template":"pages\/wp-portefolioelbai.php","class_list":["post-228","cptportefolioelbai","type-cptportefolioelbai","status-publish","has-post-thumbnail","hentry"],"_links":{"self":[{"href":"https:\/\/www.eiblda.pt\/en\/wp-json\/wp\/v2\/cptportefolioelbai\/228","targetHints":{"allow":["GET"]}}],"collection":[{"href":"https:\/\/www.eiblda.pt\/en\/wp-json\/wp\/v2\/cptportefolioelbai"}],"about":[{"href":"https:\/\/www.eiblda.pt\/en\/wp-json\/wp\/v2\/types\/cptportefolioelbai"}],"author":[{"embeddable":true,"href":"https:\/\/www.eiblda.pt\/en\/wp-json\/wp\/v2\/users\/1"}],"replies":[{"embeddable":true,"href":"https:\/\/www.eiblda.pt\/en\/wp-json\/wp\/v2\/comments?post=228"}],"wp:featuredmedia":[{"embeddable":true,"href":"https:\/\/www.eiblda.pt\/en\/wp-json\/wp\/v2\/media\/1651"}],"wp:attachment":[{"href":"https:\/\/www.eiblda.pt\/en\/wp-json\/wp\/v2\/media?parent=228"}],"curies":[{"name":"wp","href":"https:\/\/api.w.org\/{rel}","templated":true}]}}

<p>Barragem Foz do Tua &#8211; Tua; ETAR Ponte da Baia &#8211; Amarante; ETAR Rabada (Remodelação) &#8211; Santo Tirso; Estação Elevatória das Taipas; ETAR do Douro &#8211; Marco de Canaveses; ETAR do Tâmega &#8211; Marco de Canaveses; Reservatório de Água de Paços de Ferreira</p>
