{"id":1650,"date":"2019-09-16T15:21:18","date_gmt":"2019-09-16T15:21:18","guid":{"rendered":"https:\/\/www.eiblda.pt\/?post_type=cptportefolioelbai&#038;p=1650"},"modified":"2019-09-16T16:32:19","modified_gmt":"2019-09-16T16:32:19","slug":"barragem-foz-do-tua-tua","status":"publish","type":"cptportefolioelbai","link":"https:\/\/www.eiblda.pt\/en\/elbai\/portefolio\/meio-ambiente\/barragem-foz-do-tua-tua\/","title":{"rendered":"Barragem Foz do Tua (Tua)"},"content":{"rendered":"\n<figure class=\"wp-block-image\"><img loading=\"lazy\" decoding=\"async\" width=\"2490\" height=\"1000\" src=\"https:\/\/www.eiblda.pt\/wp-content\/uploads\/2019\/09\/Barragem-Foz-do-Tua-01.jpg\" alt=\"\" class=\"wp-image-1651\" srcset=\"https:\/\/www.eiblda.pt\/wp-content\/uploads\/2019\/09\/Barragem-Foz-do-Tua-01.jpg 2490w, https:\/\/www.eiblda.pt\/wp-content\/uploads\/2019\/09\/Barragem-Foz-do-Tua-01-750x301.jpg 750w\" sizes=\"auto, (max-width: 2490px) 100vw, 2490px\" \/><\/figure>\n\n\n\n<p>&#8220;O aproveitamento de Foz Tua situa-se no rio Tua, afluente da margem direita do rio Douro, a cerca de 1,1 km da conflu\u00eancia destes dois rios. A barragem est\u00e1 situada no concelho de Alij\u00f3 &#8211; distrito de Vila Real (encontro da margem direita) e no concelho de Carrazeda de Ansi\u00e3es &#8211; Distrito de Bragan\u00e7a (encontro da margem esquerda). A sua albufeira abranger\u00e1 ainda os concelhos de Mur\u00e7a, Vila Flor e Mirandela. <br>Este aproveitamento ser\u00e1 constitu\u00eddo por um s\u00f3 escal\u00e3o com uma cota de explora\u00e7\u00e3o de 170 metros. Na central hidroel\u00e9ctrica est\u00e1 previsto instalar dois grupos revers\u00edveis com uma pot\u00eancia total de 270 MW. O valor do investimento estimado para a constru\u00e7\u00e3o da central e das respectivas infra-estruturas hidr\u00e1ulicas \u00e9 de cerca de 400 milh\u00f5es de euros.&#8221;<\/p>\n","protected":false},"author":2,"featured_media":1651,"parent":228,"menu_order":32,"comment_status":"closed","ping_status":"closed","template":"pages\/wp-portefolioelbai.php","class_list":["post-1650","cptportefolioelbai","type-cptportefolioelbai","status-publish","has-post-thumbnail","hentry"],"_links":{"self":[{"href":"https:\/\/www.eiblda.pt\/en\/wp-json\/wp\/v2\/cptportefolioelbai\/1650","targetHints":{"allow":["GET"]}}],"collection":[{"href":"https:\/\/www.eiblda.pt\/en\/wp-json\/wp\/v2\/cptportefolioelbai"}],"about":[{"href":"https:\/\/www.eiblda.pt\/en\/wp-json\/wp\/v2\/types\/cptportefolioelbai"}],"author":[{"embeddable":true,"href":"https:\/\/www.eiblda.pt\/en\/wp-json\/wp\/v2\/users\/2"}],"replies":[{"embeddable":true,"href":"https:\/\/www.eiblda.pt\/en\/wp-json\/wp\/v2\/comments?post=1650"}],"up":[{"embeddable":true,"href":"https:\/\/www.eiblda.pt\/en\/wp-json\/wp\/v2\/cptportefolioelbai\/228"}],"wp:featuredmedia":[{"embeddable":true,"href":"https:\/\/www.eiblda.pt\/en\/wp-json\/wp\/v2\/media\/1651"}],"wp:attachment":[{"href":"https:\/\/www.eiblda.pt\/en\/wp-json\/wp\/v2\/media?parent=1650"}],"curies":[{"name":"wp","href":"https:\/\/api.w.org\/{rel}","templated":true}]}}

<figure class="wp-block-image"><img loading="lazy" decoding="async" width="2490" height="1000" src="https://www.eiblda.pt/wp-content/uploads/2019/09/Barragem-Foz-do-Tua-01.jpg" alt="" class="wp-image-1651" srcset="https://www.eiblda.pt/wp-content/uploads/2019/09/Barragem-Foz-do-Tua-01.jpg 2490w, https://www.eiblda.pt/wp-content/uploads/2019/09/Barragem-Foz-do-Tua-01-750x301.jpg 750w" sizes="auto, (max-width: 2490px) 100vw, 2490px" /></figure>



<p>&#8220;O aproveitamento de Foz Tua situa-se no rio Tua, afluente da margem direita do rio Douro, a cerca de 1,1 km da confluência destes dois rios. A barragem está situada no concelho de Alijó &#8211; distrito de Vila Real (encontro da margem direita) e no concelho de Carrazeda de Ansiães &#8211; Distrito de Bragança (encontro da margem esquerda). A sua albufeira abrangerá ainda os concelhos de Murça, Vila Flor e Mirandela. <br>Este aproveitamento será constituído por um só escalão com uma cota de exploração de 170 metros. Na central hidroeléctrica está previsto instalar dois grupos reversíveis com uma potência total de 270 MW. O valor do investimento estimado para a construção da central e das respectivas infra-estruturas hidráulicas é de cerca de 400 milhões de euros.&#8221;</p>
