{"id":1457,"date":"2019-09-10T10:22:23","date_gmt":"2019-09-10T10:22:23","guid":{"rendered":"https:\/\/www.eiblda.pt\/?post_type=cptportefolioelbai&#038;p=1457"},"modified":"2022-08-04T09:15:06","modified_gmt":"2022-08-04T09:15:06","slug":"coindu-couture-arcos-de-valdevez","status":"publish","type":"cptportefolioelbai","link":"https:\/\/www.eiblda.pt\/en\/elbai\/portefolio\/industria\/coindu-couture-arcos-de-valdevez\/","title":{"rendered":"Coindu Couture (Arcos de Valdevez)"},"content":{"rendered":"\n<figure class=\"wp-block-gallery has-nested-images columns-default is-cropped wp-block-gallery-1 is-layout-flex wp-block-gallery-is-layout-flex\">\n<figure class=\"wp-block-image\"><img loading=\"lazy\" decoding=\"async\" width=\"2490\" height=\"1000\" data-id=\"1639\" src=\"https:\/\/www.eiblda.pt\/wp-content\/uploads\/2019\/09\/Coindu-Couture-08.jpg\" alt=\"\" class=\"wp-image-1639\" srcset=\"https:\/\/www.eiblda.pt\/wp-content\/uploads\/2019\/09\/Coindu-Couture-08.jpg 2490w, https:\/\/www.eiblda.pt\/wp-content\/uploads\/2019\/09\/Coindu-Couture-08-750x301.jpg 750w\" sizes=\"auto, (max-width: 2490px) 100vw, 2490px\" \/><\/figure>\n\n\n\n<figure class=\"wp-block-image\"><img loading=\"lazy\" decoding=\"async\" width=\"2490\" height=\"1000\" data-id=\"1571\" src=\"https:\/\/www.eiblda.pt\/wp-content\/uploads\/2019\/09\/Coindu-Couture-01.jpg\" alt=\"\" class=\"wp-image-1571\" srcset=\"https:\/\/www.eiblda.pt\/wp-content\/uploads\/2019\/09\/Coindu-Couture-01.jpg 2490w, https:\/\/www.eiblda.pt\/wp-content\/uploads\/2019\/09\/Coindu-Couture-01-750x301.jpg 750w\" sizes=\"auto, (max-width: 2490px) 100vw, 2490px\" \/><\/figure>\n\n\n\n<figure class=\"wp-block-image\"><img loading=\"lazy\" decoding=\"async\" width=\"2490\" height=\"1000\" data-id=\"1572\" src=\"https:\/\/www.eiblda.pt\/wp-content\/uploads\/2019\/09\/Coindu-Couture-02.jpg\" alt=\"\" class=\"wp-image-1572\" srcset=\"https:\/\/www.eiblda.pt\/wp-content\/uploads\/2019\/09\/Coindu-Couture-02.jpg 2490w, https:\/\/www.eiblda.pt\/wp-content\/uploads\/2019\/09\/Coindu-Couture-02-750x301.jpg 750w\" sizes=\"auto, (max-width: 2490px) 100vw, 2490px\" \/><\/figure>\n\n\n\n<figure class=\"wp-block-image\"><img loading=\"lazy\" decoding=\"async\" width=\"2490\" height=\"1000\" data-id=\"1573\" src=\"https:\/\/www.eiblda.pt\/wp-content\/uploads\/2019\/09\/Coindu-Couture-03.jpg\" alt=\"\" class=\"wp-image-1573\" srcset=\"https:\/\/www.eiblda.pt\/wp-content\/uploads\/2019\/09\/Coindu-Couture-03.jpg 2490w, https:\/\/www.eiblda.pt\/wp-content\/uploads\/2019\/09\/Coindu-Couture-03-750x301.jpg 750w\" sizes=\"auto, (max-width: 2490px) 100vw, 2490px\" \/><\/figure>\n\n\n\n<figure class=\"wp-block-image\"><img loading=\"lazy\" decoding=\"async\" width=\"2490\" height=\"1000\" data-id=\"1574\" src=\"https:\/\/www.eiblda.pt\/wp-content\/uploads\/2019\/09\/Coindu-Couture-04.jpg\" alt=\"\" class=\"wp-image-1574\" srcset=\"https:\/\/www.eiblda.pt\/wp-content\/uploads\/2019\/09\/Coindu-Couture-04.jpg 2490w, https:\/\/www.eiblda.pt\/wp-content\/uploads\/2019\/09\/Coindu-Couture-04-750x301.jpg 750w\" sizes=\"auto, (max-width: 2490px) 100vw, 2490px\" \/><\/figure>\n\n\n\n<figure class=\"wp-block-image\"><img loading=\"lazy\" decoding=\"async\" width=\"2490\" height=\"1000\" data-id=\"1575\" src=\"https:\/\/www.eiblda.pt\/wp-content\/uploads\/2019\/09\/Coindu-Couture-05.jpg\" alt=\"\" class=\"wp-image-1575\" srcset=\"https:\/\/www.eiblda.pt\/wp-content\/uploads\/2019\/09\/Coindu-Couture-05.jpg 2490w, https:\/\/www.eiblda.pt\/wp-content\/uploads\/2019\/09\/Coindu-Couture-05-750x301.jpg 750w\" sizes=\"auto, (max-width: 2490px) 100vw, 2490px\" \/><\/figure>\n\n\n\n<figure class=\"wp-block-image\"><img loading=\"lazy\" decoding=\"async\" width=\"2490\" height=\"1000\" data-id=\"1576\" src=\"https:\/\/www.eiblda.pt\/wp-content\/uploads\/2019\/09\/Coindu-Couture-06.jpg\" alt=\"\" class=\"wp-image-1576\" srcset=\"https:\/\/www.eiblda.pt\/wp-content\/uploads\/2019\/09\/Coindu-Couture-06.jpg 2490w, https:\/\/www.eiblda.pt\/wp-content\/uploads\/2019\/09\/Coindu-Couture-06-750x301.jpg 750w\" sizes=\"auto, (max-width: 2490px) 100vw, 2490px\" \/><\/figure>\n\n\n\n<figure class=\"wp-block-image\"><img loading=\"lazy\" decoding=\"async\" width=\"2490\" height=\"1000\" data-id=\"1577\" src=\"https:\/\/www.eiblda.pt\/wp-content\/uploads\/2019\/09\/Coindu-Couture-07.jpg\" alt=\"\" class=\"wp-image-1577\" srcset=\"https:\/\/www.eiblda.pt\/wp-content\/uploads\/2019\/09\/Coindu-Couture-07.jpg 2490w, https:\/\/www.eiblda.pt\/wp-content\/uploads\/2019\/09\/Coindu-Couture-07-750x301.jpg 750w\" sizes=\"auto, (max-width: 2490px) 100vw, 2490px\" \/><\/figure>\n<\/figure>\n\n\n<h2 class=\"wp-block-post-title\">Coindu Couture (Arcos de Valdevez)<\/h2>\n\n\n<p>\u201cCriada em 2014 para responder \u00e0s necessidades de uma famosa marca francesa de malas de luxo (para quem fabrica cerca de 300 componentes) a Coindu Couture tem ganho novos clientes, como a Josefinas e a Mateo, com quem desenvolve, em parceria, e produz as linhas de carteiras, malas e outros acess\u00f3rios \u2013 e est\u00e1 trabalhar prot\u00f3tipos para marcas como \u00c2me Moi.<br>Com o seu centro de gravidade em Joane (Famalic\u00e3o), onde nasceu em 1988, a Coindu come\u00e7ou por fabricar assentos para a ind\u00fastria autom\u00f3vel, sendo fornecedora direta de marcas como a BMW, Audi, Porsche e Renault. <br>A Coindu conta atualmente com cinco mil trabalhadores, espalhados por quatro unidades industriais, em tr\u00eas pa\u00edses \u2013 Portugal (Joane e Arcos de Valdevez), Rom\u00e9nia (inaugurada em 2005) e M\u00e9xico (aberta em 2015, para acompanhar e fornecer uma f\u00e1brica criada neste pa\u00eds pela Audi para o modelo Q5) \u2013 e tem um volume de neg\u00f3cios de 280 milh\u00f5es de euros, que faz dela a maior empresa portuguesa do sector t\u00eaxtil.<br>Nos \u00faltimos anos, diversificou a atividade, atrav\u00e9s da compra da Hewa Leder (nos arredores de Dresden, na Alemanha) e da cria\u00e7\u00e3o da Coindu Couture, que come\u00e7ou a laborar h\u00e1 cerca de dois anos em Arcos de Valdevez, onde emprega atualmente 120 pessoas e planeia fechar o ano com um volume de neg\u00f3cios de 3,5 milh\u00f5es de euros.\u201d<\/p>\n","protected":false},"author":2,"featured_media":1639,"parent":230,"menu_order":25,"comment_status":"closed","ping_status":"closed","template":"pages\/wp-portefolioelbai.php","class_list":["post-1457","cptportefolioelbai","type-cptportefolioelbai","status-publish","has-post-thumbnail","hentry"],"_links":{"self":[{"href":"https:\/\/www.eiblda.pt\/en\/wp-json\/wp\/v2\/cptportefolioelbai\/1457","targetHints":{"allow":["GET"]}}],"collection":[{"href":"https:\/\/www.eiblda.pt\/en\/wp-json\/wp\/v2\/cptportefolioelbai"}],"about":[{"href":"https:\/\/www.eiblda.pt\/en\/wp-json\/wp\/v2\/types\/cptportefolioelbai"}],"author":[{"embeddable":true,"href":"https:\/\/www.eiblda.pt\/en\/wp-json\/wp\/v2\/users\/2"}],"replies":[{"embeddable":true,"href":"https:\/\/www.eiblda.pt\/en\/wp-json\/wp\/v2\/comments?post=1457"}],"up":[{"embeddable":true,"href":"https:\/\/www.eiblda.pt\/en\/wp-json\/wp\/v2\/cptportefolioelbai\/230"}],"wp:featuredmedia":[{"embeddable":true,"href":"https:\/\/www.eiblda.pt\/en\/wp-json\/wp\/v2\/media\/1639"}],"wp:attachment":[{"href":"https:\/\/www.eiblda.pt\/en\/wp-json\/wp\/v2\/media?parent=1457"}],"curies":[{"name":"wp","href":"https:\/\/api.w.org\/{rel}","templated":true}]}}

<figure class="wp-block-gallery has-nested-images columns-default is-cropped wp-block-gallery-1 is-layout-flex wp-block-gallery-is-layout-flex">
<figure class="wp-block-image"><img loading="lazy" decoding="async" width="2490" height="1000" data-id="1639" src="https://www.eiblda.pt/wp-content/uploads/2019/09/Coindu-Couture-08.jpg" alt="" class="wp-image-1639" srcset="https://www.eiblda.pt/wp-content/uploads/2019/09/Coindu-Couture-08.jpg 2490w, https://www.eiblda.pt/wp-content/uploads/2019/09/Coindu-Couture-08-750x301.jpg 750w" sizes="auto, (max-width: 2490px) 100vw, 2490px" /></figure>



<figure class="wp-block-image"><img loading="lazy" decoding="async" width="2490" height="1000" data-id="1571" src="https://www.eiblda.pt/wp-content/uploads/2019/09/Coindu-Couture-01.jpg" alt="" class="wp-image-1571" srcset="https://www.eiblda.pt/wp-content/uploads/2019/09/Coindu-Couture-01.jpg 2490w, https://www.eiblda.pt/wp-content/uploads/2019/09/Coindu-Couture-01-750x301.jpg 750w" sizes="auto, (max-width: 2490px) 100vw, 2490px" /></figure>



<figure class="wp-block-image"><img loading="lazy" decoding="async" width="2490" height="1000" data-id="1572" src="https://www.eiblda.pt/wp-content/uploads/2019/09/Coindu-Couture-02.jpg" alt="" class="wp-image-1572" srcset="https://www.eiblda.pt/wp-content/uploads/2019/09/Coindu-Couture-02.jpg 2490w, https://www.eiblda.pt/wp-content/uploads/2019/09/Coindu-Couture-02-750x301.jpg 750w" sizes="auto, (max-width: 2490px) 100vw, 2490px" /></figure>



<figure class="wp-block-image"><img loading="lazy" decoding="async" width="2490" height="1000" data-id="1573" src="https://www.eiblda.pt/wp-content/uploads/2019/09/Coindu-Couture-03.jpg" alt="" class="wp-image-1573" srcset="https://www.eiblda.pt/wp-content/uploads/2019/09/Coindu-Couture-03.jpg 2490w, https://www.eiblda.pt/wp-content/uploads/2019/09/Coindu-Couture-03-750x301.jpg 750w" sizes="auto, (max-width: 2490px) 100vw, 2490px" /></figure>



<figure class="wp-block-image"><img loading="lazy" decoding="async" width="2490" height="1000" data-id="1574" src="https://www.eiblda.pt/wp-content/uploads/2019/09/Coindu-Couture-04.jpg" alt="" class="wp-image-1574" srcset="https://www.eiblda.pt/wp-content/uploads/2019/09/Coindu-Couture-04.jpg 2490w, https://www.eiblda.pt/wp-content/uploads/2019/09/Coindu-Couture-04-750x301.jpg 750w" sizes="auto, (max-width: 2490px) 100vw, 2490px" /></figure>



<figure class="wp-block-image"><img loading="lazy" decoding="async" width="2490" height="1000" data-id="1575" src="https://www.eiblda.pt/wp-content/uploads/2019/09/Coindu-Couture-05.jpg" alt="" class="wp-image-1575" srcset="https://www.eiblda.pt/wp-content/uploads/2019/09/Coindu-Couture-05.jpg 2490w, https://www.eiblda.pt/wp-content/uploads/2019/09/Coindu-Couture-05-750x301.jpg 750w" sizes="auto, (max-width: 2490px) 100vw, 2490px" /></figure>



<figure class="wp-block-image"><img loading="lazy" decoding="async" width="2490" height="1000" data-id="1576" src="https://www.eiblda.pt/wp-content/uploads/2019/09/Coindu-Couture-06.jpg" alt="" class="wp-image-1576" srcset="https://www.eiblda.pt/wp-content/uploads/2019/09/Coindu-Couture-06.jpg 2490w, https://www.eiblda.pt/wp-content/uploads/2019/09/Coindu-Couture-06-750x301.jpg 750w" sizes="auto, (max-width: 2490px) 100vw, 2490px" /></figure>



<figure class="wp-block-image"><img loading="lazy" decoding="async" width="2490" height="1000" data-id="1577" src="https://www.eiblda.pt/wp-content/uploads/2019/09/Coindu-Couture-07.jpg" alt="" class="wp-image-1577" srcset="https://www.eiblda.pt/wp-content/uploads/2019/09/Coindu-Couture-07.jpg 2490w, https://www.eiblda.pt/wp-content/uploads/2019/09/Coindu-Couture-07-750x301.jpg 750w" sizes="auto, (max-width: 2490px) 100vw, 2490px" /></figure>
</figure>


<h2 class="wp-block-post-title">Coindu Couture (Arcos de Valdevez)</h2>


<p>“Criada em 2014 para responder às necessidades de uma famosa marca francesa de malas de luxo (para quem fabrica cerca de 300 componentes) a Coindu Couture tem ganho novos clientes, como a Josefinas e a Mateo, com quem desenvolve, em parceria, e produz as linhas de carteiras, malas e outros acessórios – e está trabalhar protótipos para marcas como Âme Moi.<br>Com o seu centro de gravidade em Joane (Famalicão), onde nasceu em 1988, a Coindu começou por fabricar assentos para a indústria automóvel, sendo fornecedora direta de marcas como a BMW, Audi, Porsche e Renault. <br>A Coindu conta atualmente com cinco mil trabalhadores, espalhados por quatro unidades industriais, em três países – Portugal (Joane e Arcos de Valdevez), Roménia (inaugurada em 2005) e México (aberta em 2015, para acompanhar e fornecer uma fábrica criada neste país pela Audi para o modelo Q5) – e tem um volume de negócios de 280 milhões de euros, que faz dela a maior empresa portuguesa do sector têxtil.<br>Nos últimos anos, diversificou a atividade, através da compra da Hewa Leder (nos arredores de Dresden, na Alemanha) e da criação da Coindu Couture, que começou a laborar há cerca de dois anos em Arcos de Valdevez, onde emprega atualmente 120 pessoas e planeia fechar o ano com um volume de negócios de 3,5 milhões de euros.”</p>
